{"id":1174,"date":"2015-09-29T18:09:24","date_gmt":"2015-09-29T16:09:24","guid":{"rendered":"http:\/\/wp.informationskompetenz.de\/?page_id=1174"},"modified":"2016-07-25T11:41:45","modified_gmt":"2016-07-25T09:41:45","slug":"veranstaltungen","status":"publish","type":"page","link":"https:\/\/www.informationskompetenz.de\/index.php\/regionen\/bayern\/veranstaltungen\/","title":{"rendered":"Veranstaltungen"},"content":{"rendered":"<p>Die AGIK BAY veranstaltet oder ist Mitorganisator f\u00fcr Foren, Workshops und Fortbildungen. Neben ihrem Bestreben den praktischen Informations- und Erfahrungsaustausch der bayerischen Kolleginnen und Kollegen \u00fcber den Mitgliederkreis der AGIK Bayern hinaus zu f\u00f6rdern, m\u00f6chte die AGIK BAY zudem in Zusammenarbeit mit der Bibliotheksakademie Bayern die Fortbildungsangebote zur Informationskompetenz und didaktischer Weiterbildung ausbauen.<\/p>\n<p><strong>Aktuelle Veranstaltungen:<\/strong><\/p>\n<ul>\n<li>\u00a0Modularisiertes Fortbildungsangebot f\u00fcr Teaching Librarians \/ Start Mai 2016<\/li>\n<\/ul>\n<p style=\"padding-left: 60px;\">Die AGIK BAY konzipiert derzeit in Kooperation mit der Bibliotheksakademie Bayern ein kostenpflichtiges, modularisiertes Fortbildungsangebot f\u00fcr Bibliothekarinnen und Bibliothekare mit einem T\u00e4tigkeitsschwerpunkt im Bereich Informationskompetenz, die neue Impulse von Expertinnen und Experten erhalten und sich regelm\u00e4\u00dfig mit anderen Teaching Librarians austauschen m\u00f6chten. Das Angebot startet im Mai 2016, schlie\u00dft mit einem Zertifikat ab und ist auf ca.\u00a01,5 Jahre angelegt (mehr Informationen im <a href=\"https:\/\/www.bsb-muenchen.de\/babcaldetail\/?tx_cal_controller[type]=tx_cal_phpicalendar&amp;tx_cal_controller[uid]=437\" target=\"_blank\">Fortbildungsprogramm der Bibliotheksakademie Bayern<\/a>).<\/p>\n<ul>\n<li>Am 21.06.2016 f\u00fchrte die Universit\u00e4tsbibliothek der TUM\u00a0 ein &#8222;Webinar \u00fcber Webinare&#8220; f\u00fcr die Mitglieder der AG IK durch. Vorgestellt wurden die Aktivit\u00e4ten und Erfahrungen der Universit\u00e4tsbibliothek im Bereich Webinare. Mehrere Mitglieder der AG IK planen, in ihren Bibliotheken Webinar-Angebot zu entwickeln oder bestehende Angebote auszuweiten.<\/li>\n<\/ul>\n<p><strong>Vergangene Veranstaltungen:<\/strong><\/p>\n<ul>\n<li>Fortbildung Kollegiale Beratung \/ 2014<\/li>\n<\/ul>\n<p style=\"padding-left: 60px;\">F\u00fcr die Teaching Librarians an bayerischen Bibliotheken legte die AGIK BAY ein Angebot der Kollegialen Beratung auf, das mit einem Abschlussworkshop (Juni 2014) beendet wurde.<\/p>\n<ul>\n<li>\u00a0<a href=\"http:\/\/www.informationskompetenz.de\/index.php\/regionen\/bayern\/veranstaltungen\/informationskompetenzkurse-fuer-promovierende-aufgaben-und-herausforderungen-2013\/\" target=\"_blank\">Workshop Informationskompetenzkurse f\u00fcr Promovierende &#8211; Aufgaben und Herausforderungen \/ 2013<\/a><\/li>\n<li><a href=\"http:\/\/www.informationskompetenz.de\/index.php\/regionen\/bayern\/veranstaltungen\/workshop-fuer-die-zusammenarbeit-von-wissenschaftlichen-bibliotheken-und-schulen-2012\/\" target=\"_blank\">Workshop f\u00fcr die Zusammenarbeit von wissenschaftlichen Bibliotheken und Schulen \/ 2012<\/a><\/li>\n<li><a href=\"http:\/\/www.informationskompetenz.de\/index.php\/regionen\/bayern\/veranstaltungen\/workshop-standards-der-vermittlung-von-ik-fuer-schuelerinnen-und-schueler-in-wissenschaftlichen-bibliotheken-2011\/\" target=\"_blank\">Workshop Standards der Vermittlung von IK f\u00fcr Sch\u00fclerinnen und Sch\u00fcler in wissenschaftlichen Bibliotheken \/ 2011<\/a><\/li>\n<li><a href=\"http:\/\/www.informationskompetenz.de\/index.php\/regionen\/bayern\/veranstaltungen\/information-literacy-assessment-in-der-praxis-ii-2011\/\" target=\"_blank\">Forum Information Literacy Assessment in der Praxis II \/ 2011<\/a><\/li>\n<li><a href=\"http:\/\/www.informationskompetenz.de\/index.php\/regionen\/bayern\/veranstaltungen\/veranstaltung-2009\/\" target=\"_blank\">Forum Information Literacy Assessment \/ 2009<\/a><\/li>\n<\/ul>\n","protected":false},"excerpt":{"rendered":"<p>Die AGIK BAY veranstaltet oder ist Mitorganisator f\u00fcr Foren, Workshops und Fortbildungen. Neben ihrem Bestreben den praktischen Informations- und Erfahrungsaustausch der bayerischen Kolleginnen und Kollegen \u00fcber den Mitgliederkreis der AGIK [&hellip;]<\/p>\n","protected":false},"author":15,"featured_media":0,"parent":239,"menu_order":12,"comment_status":"closed","ping_status":"closed","template":"","meta":{"footnotes":""},"class_list":["post-1174","page","type-page","status-publish","hentry"],"_links":{"self":[{"href":"https:\/\/www.informationskompetenz.de\/index.php\/wp-json\/wp\/v2\/pages\/1174","targetHints":{"allow":["GET"]}}],"collection":[{"href":"https:\/\/www.informationskompetenz.de\/index.php\/wp-json\/wp\/v2\/pages"}],"about":[{"href":"https:\/\/www.informationskompetenz.de\/index.php\/wp-json\/wp\/v2\/types\/page"}],"author":[{"embeddable":true,"href":"https:\/\/www.informationskompetenz.de\/index.php\/wp-json\/wp\/v2\/users\/15"}],"replies":[{"embeddable":true,"href":"https:\/\/www.informationskompetenz.de\/index.php\/wp-json\/wp\/v2\/comments?post=1174"}],"version-history":[{"count":21,"href":"https:\/\/www.informationskompetenz.de\/index.php\/wp-json\/wp\/v2\/pages\/1174\/revisions"}],"predecessor-version":[{"id":3002,"href":"https:\/\/www.informationskompetenz.de\/index.php\/wp-json\/wp\/v2\/pages\/1174\/revisions\/3002"}],"up":[{"embeddable":true,"href":"https:\/\/www.informationskompetenz.de\/index.php\/wp-json\/wp\/v2\/pages\/239"}],"wp:attachment":[{"href":"https:\/\/www.informationskompetenz.de\/index.php\/wp-json\/wp\/v2\/media?parent=1174"}],"curies":[{"name":"wp","href":"https:\/\/api.w.org\/{rel}","templated":true}]}}