{"id":1407,"date":"2015-10-21T10:25:20","date_gmt":"2015-10-21T08:25:20","guid":{"rendered":"http:\/\/wp.informationskompetenz.de\/?page_id=1407"},"modified":"2021-03-11T11:37:45","modified_gmt":"2021-03-11T10:37:45","slug":"forschung","status":"publish","type":"page","link":"https:\/\/www.informationskompetenz.de\/index.php\/forschung\/","title":{"rendered":"Forschung"},"content":{"rendered":"<p>Erfolgreiche Praxis der Vermittlung von Informationskompetenz st\u00fctzt sich (auch) auf Ergebnisse der Grundlagenforschung und forschungsbasiert entwickelte Erfassungsinstrumente, mit denen auf Schulungskonzepte systematisch evaluiert werden k\u00f6nnen. Informationskompetenz.de stellt entsprechende Forschungsaktivit\u00e4ten vor und vermittelt methodisches Know-How f\u00fcr die Planung und Durchf\u00fchrung eigener Studien.<\/p>\n<div id=\"magicdomid50\" class=\"ace-line\">\n<div id=\"magicdomid53\" class=\"ace-line\">F\u00fcr die Entwicklung zielgruppenspezifischer Angebote zur F\u00f6rderung von Informationskompetenz sind wissenschaftlich fundierte Kenntnisse des Informationsverhaltens dieser Zielgruppe eine wichtige Grundlage. Die Durchf\u00fchrung von Erhebungen zum Informationsverhalten spezifischer Zielgruppen, wie z.B. Studierenden oder Lehrenden eines bestimmten Fachs, ist aufw\u00e4ndig und in der bibliothekarischen Praxis h\u00e4ufig nicht durchf\u00fchrbar. Jedoch bietet sich an, Erkenntnisse aus bereits erhobenen Studien nachzunutzen. In Deutschland gibt es noch wenige aussagekr\u00e4ftige Forschungsergebnisse der Informationsverhaltensforschung mit Bezug zum Themenfeld Informationskompetenz. Dies ist anders im angels\u00e4chsischen und skandinavischen Sprachraum. Auf Initiative der Fachgruppe Informationskompetenz der KIBA entstehen in den letzten Jahren im Rahmen von studentischen Abschlussarbeiten vermehrt Studien &#8211; insbesondere auch systematische Literaturberichte der internationalen Forschungsliteratur &#8211; zu diesem Themenfeld. Mit der <a href=\"http:\/\/www.informationskompetenz.de\/wp-content\/uploads\/2021\/03\/Informationsverhaltensforschung-der-bibliothekarischen-Praxis_Abschlussarbeiten.pdf\">Pr\u00e4sentation<\/a> ausgew\u00e4hlter, besonderes guter Abschlussarbeiten, sollen Erkenntnisse der Informationsverhaltensforschung der bibliothekarischen Praxis als Grundlage f\u00fcr die Vorbereitung von IK-Angeboten angeboten werden.<\/div>\n<\/div>\n","protected":false},"excerpt":{"rendered":"<p>Erfolgreiche Praxis der Vermittlung von Informationskompetenz st\u00fctzt sich (auch) auf Ergebnisse der Grundlagenforschung und forschungsbasiert entwickelte Erfassungsinstrumente, mit denen auf Schulungskonzepte systematisch evaluiert werden k\u00f6nnen. Informationskompetenz.de stellt entsprechende Forschungsaktivit\u00e4ten vor [&hellip;]<\/p>\n","protected":false},"author":7,"featured_media":0,"parent":0,"menu_order":0,"comment_status":"closed","ping_status":"closed","template":"","meta":{"footnotes":""},"class_list":["post-1407","page","type-page","status-publish","hentry"],"_links":{"self":[{"href":"https:\/\/www.informationskompetenz.de\/index.php\/wp-json\/wp\/v2\/pages\/1407","targetHints":{"allow":["GET"]}}],"collection":[{"href":"https:\/\/www.informationskompetenz.de\/index.php\/wp-json\/wp\/v2\/pages"}],"about":[{"href":"https:\/\/www.informationskompetenz.de\/index.php\/wp-json\/wp\/v2\/types\/page"}],"author":[{"embeddable":true,"href":"https:\/\/www.informationskompetenz.de\/index.php\/wp-json\/wp\/v2\/users\/7"}],"replies":[{"embeddable":true,"href":"https:\/\/www.informationskompetenz.de\/index.php\/wp-json\/wp\/v2\/comments?post=1407"}],"version-history":[{"count":39,"href":"https:\/\/www.informationskompetenz.de\/index.php\/wp-json\/wp\/v2\/pages\/1407\/revisions"}],"predecessor-version":[{"id":4733,"href":"https:\/\/www.informationskompetenz.de\/index.php\/wp-json\/wp\/v2\/pages\/1407\/revisions\/4733"}],"wp:attachment":[{"href":"https:\/\/www.informationskompetenz.de\/index.php\/wp-json\/wp\/v2\/media?parent=1407"}],"curies":[{"name":"wp","href":"https:\/\/api.w.org\/{rel}","templated":true}]}}