{"id":1467,"date":"2015-11-02T18:14:47","date_gmt":"2015-11-02T17:14:47","guid":{"rendered":"http:\/\/wp.informationskompetenz.de\/?page_id=1467"},"modified":"2026-01-27T16:10:37","modified_gmt":"2026-01-27T15:10:37","slug":"referenzrahmen","status":"publish","type":"page","link":"https:\/\/www.informationskompetenz.de\/index.php\/standards-und-positionen\/referenzrahmen\/","title":{"rendered":"Referenzrahmen Informationskompetenz"},"content":{"rendered":"<p>Der Referenzrahmen Informationskompetenz stellt Informationskompetenz in mehreren Teilkompetenzen auf unterschiedlichen Niveaustufen dar. Damit steht sowohl f\u00fcr den einzelnen Lernenden und als auch f\u00fcr Anbieter von Veranstaltungen zur Informationskompetenz ein einheitlicher Bezugsrahmen f\u00fcr alle Bildungsebenen zur Verf\u00fcgung.<\/p>\n<p>&nbsp;<\/p>\n<h3>F\u00fcnf Teilkompetenzen<\/h3>\n<p>Der Referenzrahmen Informationskompetenz besteht aus f\u00fcnf Teilkompetenzen, die als Abfolge eines Prozesses zur Aneignung von neuem Wissen bzw. als Schritte eines Lernprozesses betrachtet werden k\u00f6nnen. Jede Teilkompetenz ist wiederum in vier Arbeitsschritte\/Kriterien untergliedert, um deutlich beschreiben zu k\u00f6nnen, was es hei\u00dft, informationskompetent zu sein (durch Anklicken gelangen Sie jeweils zu einer Beschreibung in allen sechs Niveaustufen):<\/p>\n<table cellspacing=\"10\" cellpadding=\"10\">\n<tbody>\n<tr>\n<td style=\"background-color: #1e3962; text-align: center;\"><span style=\"color: #ffffff;\"><strong><a style=\"color: #ffffff;\" href=\"..\/referenzrahmen\/suchen\/\">Suchen<\/a><\/strong><\/span><\/td>\n<td style=\"background-color: #1e3962; text-align: center;\"><span style=\"color: #ffffff;\"><strong><a style=\"color: #ffffff;\" href=\"..\/referenzrahmen\/pruefen\/\">Pr\u00fcfen<\/a><\/strong><\/span><\/td>\n<td style=\"background-color: #1e3962; text-align: center;\"><span style=\"color: #ffffff;\"><strong><a style=\"color: #ffffff;\" href=\"..\/referenzrahmen\/wissen\/\">Wissen<\/a><\/strong><\/span><\/td>\n<td style=\"background-color: #1e3962; text-align: center;\"><span style=\"color: #ffffff;\"><strong><a style=\"color: #ffffff;\" href=\"..\/referenzrahmen\/darstellen\/\">Darstellen<\/a><\/strong><\/span><\/td>\n<td style=\"background-color: #1e3962; text-align: center;\"><span style=\"color: #ffffff;\"><strong><a style=\"color: #ffffff;\" href=\"..\/referenzrahmen\/weitergeben\/\">Weitergeben<\/a><\/strong><\/span><\/td>\n<\/tr>\n<tr>\n<td style=\"text-align: center;\"><a href=\"..\/referenzrahmen\/suchen#wissensbedarfformulieren\">Wissensbedarf formulieren<\/a><\/td>\n<td style=\"text-align: center;\"><a href=\"..\/referenzrahmen\/pruefen\/#thematischerelevanz\">Thematische Relevanz<\/a><\/td>\n<td style=\"text-align: center;\"><a href=\"..\/referenzrahmen\/wissen\/#formulieren\">Formulieren<\/a><\/td>\n<td style=\"text-align: center;\"><a href=\"..\/referenzrahmen\/darstellen\/#einfachheit\">Einfachheit<\/a><\/td>\n<td style=\"text-align: center;\"><a href=\"..\/referenzrahmen\/weitergeben\/#nutzungsbedingungenklaeren\">Nutzungsbedingungen kl\u00e4ren<\/a><\/td>\n<\/tr>\n<tr>\n<td style=\"text-align: center;\"><a href=\"..\/referenzrahmen\/suchen#quellenfinden\">Quellen finden<\/a><\/td>\n<td style=\"text-align: center;\"><a href=\"..\/referenzrahmen\/pruefen\/#sachlicherichtigkeit\">Sachliche Richtigkeit<\/a><\/td>\n<td style=\"text-align: center;\"><a href=\"..\/referenzrahmen\/wissen\/#vergleichen\">Vergleichen<\/a><\/td>\n<td style=\"text-align: center;\"><a href=\"..\/referenzrahmen\/darstellen\/#semantischeredundanz\">Semantische Redundanz<\/a><\/td>\n<td style=\"text-align: center;\"><a href=\"..\/referenzrahmen\/weitergeben\/#zitatekennzeichnen\">Zitate kennzeichnen<\/a><\/td>\n<\/tr>\n<tr>\n<td style=\"text-align: center;\"><a href=\"..\/referenzrahmen\/suchen#quellenauswaehlen\">Quellen ausw\u00e4hlen<\/a><\/td>\n<td style=\"text-align: center;\"><a href=\"..\/referenzrahmen\/pruefen\/#formalerichtigkeit\">Formale Richtigkeit<\/a><\/td>\n<td style=\"text-align: center;\"><a href=\"..\/referenzrahmen\/wissen\/#einordnen\">Einordnen<\/a><\/td>\n<td style=\"text-align: center;\"><a href=\"..\/referenzrahmen\/darstellen\/#kognitivestrukturierung\">Kognitive Strukturierung<\/a><\/td>\n<td style=\"text-align: center;\"><a href=\"..\/referenzrahmen\/weitergeben\/#quellennennen\">Quellen nennen<\/a><\/td>\n<\/tr>\n<tr>\n<td style=\"text-align: center;\"><a href=\"..\/referenzrahmen\/suchen#informationenisolieren\">Informationen isolieren<\/a><\/td>\n<td style=\"text-align: center;\"><a href=\"..\/referenzrahmen\/pruefen\/#vollstaendigkeit\">Vollst\u00e4ndigkeit<\/a><\/td>\n<td style=\"text-align: center;\"><a href=\"..\/referenzrahmen\/wissen\/#strukturieren\">Strukturieren<\/a><\/td>\n<td style=\"text-align: center;\"><a href=\"..\/referenzrahmen\/darstellen\/#kognitiverkonflikt\">Kognitiver Konflikt<\/a><\/td>\n<td style=\"text-align: center;\"><a href=\"..\/referenzrahmen\/weitergeben\/#netzwerkenutzen\">Netzwerke nutzen<\/a><\/td>\n<\/tr>\n<tr>\n<td style=\"text-align: center;\"><span style=\"color: #999999;\">Arbeitsschritte<\/span><\/td>\n<td style=\"text-align: center;\"><span style=\"color: #999999;\">Kriterien<\/span><\/td>\n<td style=\"text-align: center;\"><span style=\"color: #999999;\">Arbeitsschritte<\/span><\/td>\n<td style=\"text-align: center;\"><span style=\"color: #999999;\">Kriterien<\/span><\/td>\n<td style=\"text-align: center;\"><span style=\"color: #999999;\">Arbeitsschritte<\/span><\/td>\n<\/tr>\n<\/tbody>\n<\/table>\n<p>Da sich der Referenzrahmen Informationskompetenz auch an den einzelnen Lernenden richtet, zum Beispiel um einsch\u00e4tzen zu k\u00f6nnen, wie informationskompetent sie oder er ist, lassen sich die Arbeitsschritte und Kriterien auch als <a href=\"..\/referenzrahmen\/basisraster\/#basisraster2\">Fragen oder leicht verst\u00e4ndliche Bezeichnungen<\/a> darstellen.<\/p>\n<p>&nbsp;<\/p>\n<h3>Sechs Niveaustufen<\/h3>\n<p>Der Referenzrahmen Informationskompetenz beschreibt in unterschiedlichen Niveaustufen, was es hei\u00dft informationskompetent zu sein. Wie der <a href=\"http:\/\/www.goethe.de\/Z\/50\/commeuro\/303.htm\" target=\"_blank\" rel=\"noopener\">Gemeinsame Europ\u00e4ische Referenzrahmen f\u00fcr Sprachen<\/a> ist er in sechs Niveaustufen von A1 bis C2 unterteilt (durch Anklicken gelangen Sie zu einer Beschreibung in der jeweiligen Niveaustufe):<\/p>\n<table>\n<tbody>\n<tr>\n<td style=\"text-align: center;\"><span style=\"color: #ffffff;\">\u00a0<\/span><\/td>\n<td style=\"text-align: center;\"><span style=\"color: #ffffff;\">\u00a0<\/span><\/td>\n<td style=\"text-align: center;\"><span style=\"color: #ffffff;\">\u00a0<\/span><\/td>\n<td style=\"text-align: center;\"><span style=\"color: #ffffff;\">\u00a0<\/span><\/td>\n<td style=\"text-align: center;\"><span style=\"color: #ffffff;\">\u00a0<\/span><\/td>\n<td style=\"background-color: #1e3962; text-align: center;\"><span style=\"color: #ffffff;\"><a style=\"color: #ffffff;\" href=\"http:\/\/www.informationskompetenz.de\/index.php\/referenzrahmen\/c2\/\"><strong>C2<\/strong><\/a><\/span><\/td>\n<td style=\"background-color: #1e3962; text-align: center;\" rowspan=\"2\"><span style=\"color: #ffffff;\"><a style=\"color: #ffffff;\" href=\"http:\/\/www.informationskompetenz.de\/index.php\/referenzrahmen\/c1\/\"><strong>Nachhaltige<br \/>\nInformationskompetenz<\/strong><\/a><\/span><\/td>\n<\/tr>\n<tr>\n<td style=\"text-align: center;\"><span style=\"color: #ffffff;\">\u00a0<\/span><\/td>\n<td style=\"text-align: center;\"><span style=\"color: #ffffff;\">\u00a0<\/span><\/td>\n<td style=\"text-align: center;\"><span style=\"color: #ffffff;\">\u00a0<\/span><\/td>\n<td style=\"text-align: center;\"><span style=\"color: #ffffff;\">\u00a0<\/span><\/td>\n<td style=\"background-color: #1e3962; text-align: center;\"><span style=\"color: #ffffff;\"><a style=\"color: #ffffff;\" href=\"http:\/\/www.informationskompetenz.de\/index.php\/referenzrahmen\/c1\/\"><strong>C1<\/strong><\/a><\/span><\/td>\n<td style=\"background-color: #1e3962; text-align: center;\"><span style=\"color: #ffffff;\">\u00a0<\/span><\/td>\n<\/tr>\n<tr>\n<td style=\"text-align: center;\"><span style=\"color: #ffffff;\">\u00a0<\/span><\/td>\n<td style=\"text-align: center;\"><span style=\"color: #ffffff;\">\u00a0<\/span><\/td>\n<td style=\"text-align: center;\"><span style=\"color: #ffffff;\">\u00a0<\/span><\/td>\n<td style=\"background-color: #1e3962; text-align: center;\"><span style=\"color: #ffffff;\"><a style=\"color: #ffffff;\" href=\"http:\/\/www.informationskompetenz.de\/index.php\/referenzrahmen\/b2\/\"><strong>B2<\/strong><\/a><\/span><\/td>\n<td style=\"background-color: #1e3962; text-align: center;\" colspan=\"3\" rowspan=\"2\"><span style=\"color: #ffffff;\"><strong>\u00a0<\/strong><strong>\u00a0<\/strong><a style=\"color: #ffffff;\" href=\"http:\/\/www.informationskompetenz.de\/index.php\/referenzrahmen\/b1\/\"><strong>Selbst\u00e4ndige<br \/>\nInformationskompetenz<\/strong><\/a><strong>\u00a0<\/strong><strong>\u00a0<\/strong><\/span><\/td>\n<\/tr>\n<tr>\n<td style=\"text-align: center;\"><span style=\"color: #ffffff;\">\u00a0<\/span><\/td>\n<td style=\"text-align: center;\"><span style=\"color: #ffffff;\">\u00a0<\/span><\/td>\n<td style=\"background-color: #1e3962; text-align: center;\"><span style=\"color: #ffffff;\"><a style=\"color: #ffffff;\" href=\"http:\/\/www.informationskompetenz.de\/index.php\/referenzrahmen\/b1\/\"><strong>B1<\/strong><\/a><\/span><\/td>\n<td style=\"background-color: #1e3962; text-align: center;\"><span style=\"color: #ffffff;\">\u00a0<\/span><\/td>\n<\/tr>\n<tr>\n<td style=\"text-align: center;\"><span style=\"color: #ffffff;\">\u00a0<\/span><\/td>\n<td style=\"background-color: #1e3962; text-align: center;\"><span style=\"color: #ffffff;\"><a style=\"color: #ffffff;\" href=\"http:\/\/www.informationskompetenz.de\/index.php\/referenzrahmen\/a2\/\"><strong>A2<\/strong><\/a><\/span><\/td>\n<td style=\"background-color: #1e3962; text-align: center;\" colspan=\"5\" rowspan=\"2\"><span style=\"color: #ffffff;\"><strong>\u00a0<\/strong><strong>\u00a0<\/strong><strong>\u00a0<\/strong><strong>\u00a0<\/strong><a style=\"color: #ffffff;\" href=\"http:\/\/www.informationskompetenz.de\/index.php\/referenzrahmen\/a1\/\"><strong>Elementare<br \/>\nInformationskompetenz<\/strong><\/a><strong>\u00a0<\/strong><strong>\u00a0<\/strong><strong>\u00a0<\/strong><strong>\u00a0<\/strong><\/span><\/td>\n<\/tr>\n<tr>\n<td style=\"background-color: #1e3962; text-align: center;\"><span style=\"color: #ffffff;\"><a style=\"color: #ffffff;\" href=\"http:\/\/www.informationskompetenz.de\/index.php\/referenzrahmen\/a1\/\"><strong>A1<\/strong><\/a><\/span><\/td>\n<td style=\"background-color: #1e3962; text-align: center;\"><span style=\"color: #ffffff;\">\u00a0<\/span><\/td>\n<\/tr>\n<\/tbody>\n<\/table>\n<p>&nbsp;<\/p>\n<p><a href=\"http:\/\/creativecommons.org\/licenses\/by-sa\/4.0\/\" rel=\"license\"><img decoding=\"async\" style=\"border-width: 0;\" src=\"https:\/\/i.creativecommons.org\/l\/by-sa\/4.0\/88x31.png\" alt=\"Creative Commons Lizenzvertrag\" \/><\/a><br \/>\nDieses Werk ist lizenziert unter einer <a href=\"http:\/\/creativecommons.org\/licenses\/by-sa\/4.0\/\" rel=\"license\">Creative Commons Namensnennung &#8211; Weitergabe unter gleichen Bedingungen 4.0 International Lizenz<\/a>.<\/p>\n<h3>Literatur zum Referenzrahmen Informationskompetenz<\/h3>\n<ul>\n<li>Deutscher Bibliotheksverband: <a href=\"http:\/\/www.bibliotheksverband.de\/fachgruppen\/kommissionen\/informationskompetenz\/publikationen.html\" target=\"_blank\" rel=\"noopener\">Referenzrahmen Informationskompetenz<\/a> (vollst\u00e4ndige Fassung, PDF) 2016<\/li>\n<li>Klingenberg, Andreas: Die Strategie der Kultusministerkonferenz \u201eBildung in der digitalen Welt\u201c und der \u201eReferenzrahmen Informationskompetenz\u201c des Deutschen Bibliotheksverbandes. In: o-bib Bd. 4 (2017), Nr. 1, DOI <a href=\"http:\/\/dx.doi.org\/10.5282\/o-bib\/2017H1S62-75\" target=\"_blank\" rel=\"noopener\">10.5282\/o-bib\/2017H1S62-75 <\/a><a><img decoding=\"async\" class=\"citavipicker10.5282\/o-bib\/2017H1S62-75\" style=\"border: 0px none; width: 16px; height: 16px !important; margin-left: 1px !important; margin-right: 1px !important;\" title=\"Titel anhand dieser DOI in Citavi-Projekt \u00fcbernehmen\" src=\"data:image\/png;base64,iVBORw0KGgoAAAANSUhEUgAAABgAAAAYCAYAAADgdz34AAAAGXRFWHRTb2Z0d2FyZQBBZG9iZSBJbWFnZVJlYWR5ccllPAAAAfxJREFUeNq8Vj9IAlEcflpCEJZLBP3jaoqsMbAmKRCadLDmWpuqKWiIxian2lTIMYecIsG4rahZ+jPkkRmRZKVIoMX1Pn3vML3nnYV98JC7+\/2+7\/fu937faSFNkHSO+OiPly43XVLdY4Uuma6YM3l\/JOKwCIhBGAZph72H2Oc9xDYwTLqnXZXnxctzUn5Mk0IiTr4KeS62QoVkYgRKHqBLvfXMqq9Hh6oREINY5CDXiDyMwMzWhvqZf1fNArHIYSLhppU\/7wV0CfKJE\/XlIKgWL86EQsjV3QneOa+8HiC8dk3yxMrCNQT1ULMTt9ZkepGyDQ5JY9FjgqbW4mZmijeyAYjvGp\/4cQ+xd\/4FUs48KLTpo1Z2FKW+1fUGcp4gQna\/safgABc4wW3FOcdNh9dPWkXhNK57H1ysWC8E3DjnIrBqWgbjdHdiKxgiscAasc95KtWiqhIdsFwkZCjAOCUIaBMqAhpZ20wzAuDM0l8r+QPqT5AerNxbftNYh3dRGMc5IaDAuMwiFwlqx7HXJz55jFOBgAxXNEce0irr39zWnRttp1VOGQIxDNNbLGpI\/rS7U301tPJmcwMuNqAx7kUpWK6eg5YyaVVZXtJ8SM8M642R2XfKlNlxciQ1c1KR2Rna9cdVUuicpu36Xz447fpktv2jb2n335ZvAQYAI5DQtfG6U0gAAAAASUVORK5CYII=\" \/><\/a><\/li>\n<li>Klingenberg, Andreas: Referenzrahmen Informationskompetenz f\u00fcr alle Bildungsebenen. In: Wilfried S\u00fchl-Strohmenger (Hrsg.): Handbuch Informationskompetenz. 2. Aufl. De Gruyter : Berlin, 2016. S. 30-41, DOI <a href=\"http:\/\/dx.doi.org\/10.1515\/9783110403367-005\" target=\"_blank\" rel=\"noopener\">10.1515\/9783110403367-005 <\/a><a><img decoding=\"async\" class=\"citavipicker10.1515\/9783110403367-005\" style=\"border: 0px none; width: 16px; height: 16px !important; margin-left: 1px !important; margin-right: 1px !important;\" title=\"Titel anhand dieser DOI in Citavi-Projekt \u00fcbernehmen\" src=\"data:image\/png;base64,iVBORw0KGgoAAAANSUhEUgAAABgAAAAYCAYAAADgdz34AAAAGXRFWHRTb2Z0d2FyZQBBZG9iZSBJbWFnZVJlYWR5ccllPAAAAfxJREFUeNq8Vj9IAlEcflpCEJZLBP3jaoqsMbAmKRCadLDmWpuqKWiIxian2lTIMYecIsG4rahZ+jPkkRmRZKVIoMX1Pn3vML3nnYV98JC7+\/2+7\/fu937faSFNkHSO+OiPly43XVLdY4Uuma6YM3l\/JOKwCIhBGAZph72H2Oc9xDYwTLqnXZXnxctzUn5Mk0IiTr4KeS62QoVkYgRKHqBLvfXMqq9Hh6oREINY5CDXiDyMwMzWhvqZf1fNArHIYSLhppU\/7wV0CfKJE\/XlIKgWL86EQsjV3QneOa+8HiC8dk3yxMrCNQT1ULMTt9ZkepGyDQ5JY9FjgqbW4mZmijeyAYjvGp\/4cQ+xd\/4FUs48KLTpo1Z2FKW+1fUGcp4gQna\/safgABc4wW3FOcdNh9dPWkXhNK57H1ysWC8E3DjnIrBqWgbjdHdiKxgiscAasc95KtWiqhIdsFwkZCjAOCUIaBMqAhpZ20wzAuDM0l8r+QPqT5AerNxbftNYh3dRGMc5IaDAuMwiFwlqx7HXJz55jFOBgAxXNEce0irr39zWnRttp1VOGQIxDNNbLGpI\/rS7U301tPJmcwMuNqAx7kUpWK6eg5YyaVVZXtJ8SM8M642R2XfKlNlxciQ1c1KR2Rna9cdVUuicpu36Xz447fpktv2jb2n335ZvAQYAI5DQtfG6U0gAAAAASUVORK5CYII=\" \/><\/a> (<a href=\"https:\/\/books.google.de\/books?id=TUS7CwAAQBAJ&amp;pg=PA30\" target=\"_blank\" rel=\"noopener\">Vorschau bei GoogleBooks<\/a>)<\/li>\n<li>Klingenberg, Andreas: <a href=\"http:\/\/nbn-resolving.de\/urn\/resolver.pl?urn:nbn:de:0290-opus4-19147\" target=\"_blank\" rel=\"noopener\">Referenzrahmen hoch 5<\/a> : Informationskompetenz f\u00fcr alle Bildungsebenen \/ Vortrag gehalten auf dem 104. Deutscher Bibliothekartag in N\u00fcrnberg am 27. Mai 2015<\/li>\n<li><span class=\"fett\">Klingenberg, Andreas: <a href=\"http:\/\/nbn-resolving.de\/urn\/resolver.pl?urn:nbn:de:0290-opus-12251\" target=\"_blank\" rel=\"noopener\">Der Referenzrahmen Informationskompetenz f\u00fcr die Praxis<\/a> : Starthilfe f\u00fcr die gemeinsame Vermittlung dieser Schl\u00fcsselqualifikation<\/span> \/ Vortrag gehalten auf dem 101. Deutschen Bibliothekartag in Hamburg am 23. Mai 2012<\/li>\n<li><span class=\"fett\">Klingenberg, Andreas: <a href=\"http:\/\/www.b-u-b.de\/pdfarchiv\/Heft-BuB_02_2012.pdf#page=48&amp;view=fit&amp;toolbar=0&amp;pagemode=bookmarks\" target=\"_blank\" rel=\"noopener\">Klare Niveau-Zuordnung als Ziel<\/a> : Entwurf eines gemeinsamen Referenzrahmens Informationskompetenz. <\/span>In: <span class=\"fett\">BuB<\/span> Nr. 2 (2012), S. 147-148<\/li>\n<li><span class=\"fett\">Klingenberg, Andreas: <a href=\"http:\/\/nbn-resolving.de\/urn\/resolver.pl?urn:nbn:de:0290-opus-10292\" target=\"_blank\" rel=\"noopener\">Findigkeit entfalten<\/a> : Entwurf eines gemeinsamen Referenzrahmens Informationskompetenz<\/span> \/ Vortrag gehalten auf dem 100. Deutschen Bibliothekartag in Berlin am 8. Juni 2011<\/li>\n<\/ul>\n","protected":false},"excerpt":{"rendered":"<p>Der Referenzrahmen Informationskompetenz stellt Informationskompetenz in mehreren Teilkompetenzen auf unterschiedlichen Niveaustufen dar. Damit steht sowohl f\u00fcr den einzelnen Lernenden und als auch f\u00fcr Anbieter von Veranstaltungen zur Informationskompetenz ein einheitlicher [&hellip;]<\/p>\n","protected":false},"author":23,"featured_media":0,"parent":1472,"menu_order":0,"comment_status":"closed","ping_status":"closed","template":"","meta":{"footnotes":""},"class_list":["post-1467","page","type-page","status-publish","hentry"],"_links":{"self":[{"href":"https:\/\/www.informationskompetenz.de\/index.php\/wp-json\/wp\/v2\/pages\/1467","targetHints":{"allow":["GET"]}}],"collection":[{"href":"https:\/\/www.informationskompetenz.de\/index.php\/wp-json\/wp\/v2\/pages"}],"about":[{"href":"https:\/\/www.informationskompetenz.de\/index.php\/wp-json\/wp\/v2\/types\/page"}],"author":[{"embeddable":true,"href":"https:\/\/www.informationskompetenz.de\/index.php\/wp-json\/wp\/v2\/users\/23"}],"replies":[{"embeddable":true,"href":"https:\/\/www.informationskompetenz.de\/index.php\/wp-json\/wp\/v2\/comments?post=1467"}],"version-history":[{"count":103,"href":"https:\/\/www.informationskompetenz.de\/index.php\/wp-json\/wp\/v2\/pages\/1467\/revisions"}],"predecessor-version":[{"id":5455,"href":"https:\/\/www.informationskompetenz.de\/index.php\/wp-json\/wp\/v2\/pages\/1467\/revisions\/5455"}],"up":[{"embeddable":true,"href":"https:\/\/www.informationskompetenz.de\/index.php\/wp-json\/wp\/v2\/pages\/1472"}],"wp:attachment":[{"href":"https:\/\/www.informationskompetenz.de\/index.php\/wp-json\/wp\/v2\/media?parent=1467"}],"curies":[{"name":"wp","href":"https:\/\/api.w.org\/{rel}","templated":true}]}}