{"id":2006,"date":"2016-01-19T19:32:44","date_gmt":"2016-01-19T18:32:44","guid":{"rendered":"http:\/\/wp.informationskompetenz.de\/?page_id=2006"},"modified":"2026-02-09T00:00:00","modified_gmt":"2026-02-08T23:00:00","slug":"round-table","status":"publish","type":"page","link":"https:\/\/www.informationskompetenz.de\/index.php\/kommission-informationskompetenz\/termine-veranstaltungen\/round-table\/","title":{"rendered":"Round Table"},"content":{"rendered":"<p>Die\u00a0 Kommission l\u00e4dt j\u00e4hrlich zu einem Round\u2010Table\u2010Gespr\u00e4ch zum Informations\u2010 und Erfahrungsaustausch der Arbeitsgruppen und Netzwerke Informationskompetenz ein. Ein regelm\u00e4\u00dfiges Thema ist die Umsetzung der Ergebnisse des letztj\u00e4hrigen Best\u2010Practice\u2010Wettbewerbs, aber auch weitere aktuelle Initiativen und Entwicklungen werden diskutiert.<\/p>\n<ul>\n<li>2025: <a href=\"https:\/\/www.informationskompetenz.de\/index.php\/programm-und-anmeldung-11-round-table-informationskompetenz-am-9-12-2025-in-ilmenau\/\" target=\"_blank\" rel=\"noopener\">Programm<\/a>, <a href=\"https:\/\/www.informationskompetenz.de\/index.php\/bericht-11-round-table-informationskompetenz-microlearning-am-09-12-2025-in-ilmenau\/\" target=\"_blank\" rel=\"noopener\">Bericht<\/a><\/li>\n<li>2024: <a href=\"https:\/\/www.informationskompetenz.de\/index.php\/10-round-table-ik-anmeldung\/\" target=\"_blank\" rel=\"noopener\">Programm<\/a>, <a href=\"https:\/\/www.informationskompetenz.de\/index.php\/10-round-table-informationskompetenz-bericht-und-ergebnisse\/\" target=\"_blank\" rel=\"noopener\">Bericht<\/a><\/li>\n<li>2023: <a href=\"https:\/\/www.informationskompetenz.de\/index.php\/round-table-informationskompetenz-ki-und-ik-am-06-12-2023-programm\/\" target=\"_blank\" rel=\"noopener\">Programm<\/a><\/li>\n<li>2022: <a href=\"https:\/\/www.informationskompetenz.de\/index.php\/8-round-table-informationskompetenz-am-06-12-2022-in-berlin-fotoprotokoll\/\" target=\"_blank\" rel=\"noopener\">Programm<\/a>, <a href=\"https:\/\/www.informationskompetenz.de\/index.php\/8-round-table-informationskompetenz-am-06-12-2022-in-berlin-fotoprotokoll\/\" target=\"_blank\" rel=\"noopener\">Fotoprotokoll<\/a><\/li>\n<li>2021: <a href=\"https:\/\/www.informationskompetenz.de\/index.php\/virtueller-round-table-informationskompetenz-der-gemeinsamen-kommission-informationskompetenz\/\" target=\"_blank\" rel=\"noopener\">Programm<\/a>, <a href=\"https:\/\/www.informationskompetenz.de\/index.php\/virtueller-round-table-informationskompetenz-am-8-3-2021\/\" target=\"_blank\" rel=\"noopener\">Bericht<\/a><\/li>\n<li>2019: <a href=\"https:\/\/www.informationskompetenz.de\/index.php\/einladung-nach-oldenburg-6-round-table-informationskompetenz\/\" target=\"_blank\" rel=\"noopener\">Programm<\/a>, <a href=\"https:\/\/www.informationskompetenz.de\/index.php\/round-table-informationskompetenz-in-oldenburg\/\" target=\"_blank\" rel=\"noopener\">Bericht<\/a><\/li>\n<li><a href=\"https:\/\/www.informationskompetenz.de\/index.php\/kommission-informationskompetenz\/termine-veranstaltungen\/round-table\/2018-2\/\" target=\"_blank\" rel=\"noopener\">2018<\/a><\/li>\n<li><a href=\"https:\/\/www.informationskompetenz.de\/index.php\/kommission-informationskompetenz\/termine-veranstaltungen\/round-table\/rt_2017\/\" target=\"_blank\" rel=\"noopener\">2017<\/a><\/li>\n<li><a href=\"https:\/\/www.informationskompetenz.de\/index.php\/kommission-informationskompetenz\/termine-veranstaltungen\/round-table\/rt_2016\/\" target=\"_blank\" rel=\"noopener\">2016<\/a><\/li>\n<li><a href=\"https:\/\/www.informationskompetenz.de\/index.php\/kommission-informationskompetenz\/termine-veranstaltungen\/round-table\/rt_2015\/\" target=\"_blank\" rel=\"noopener\">2015<\/a><\/li>\n<li><a href=\"https:\/\/www.informationskompetenz.de\/index.php\/kommission-informationskompetenz\/termine-veranstaltungen\/round-table\/rt-2014\/\" target=\"_blank\" rel=\"noopener\">2014<\/a><\/li>\n<\/ul>\n","protected":false},"excerpt":{"rendered":"<p>Die\u00a0 Kommission l\u00e4dt j\u00e4hrlich zu einem Round\u2010Table\u2010Gespr\u00e4ch zum Informations\u2010 und Erfahrungsaustausch der Arbeitsgruppen und Netzwerke Informationskompetenz ein. Ein regelm\u00e4\u00dfiges Thema ist die Umsetzung der Ergebnisse des letztj\u00e4hrigen Best\u2010Practice\u2010Wettbewerbs, aber auch [&hellip;]<\/p>\n","protected":false},"author":17,"featured_media":0,"parent":2045,"menu_order":0,"comment_status":"open","ping_status":"closed","template":"","meta":{"footnotes":""},"class_list":["post-2006","page","type-page","status-publish","hentry"],"_links":{"self":[{"href":"https:\/\/www.informationskompetenz.de\/index.php\/wp-json\/wp\/v2\/pages\/2006","targetHints":{"allow":["GET"]}}],"collection":[{"href":"https:\/\/www.informationskompetenz.de\/index.php\/wp-json\/wp\/v2\/pages"}],"about":[{"href":"https:\/\/www.informationskompetenz.de\/index.php\/wp-json\/wp\/v2\/types\/page"}],"author":[{"embeddable":true,"href":"https:\/\/www.informationskompetenz.de\/index.php\/wp-json\/wp\/v2\/users\/17"}],"replies":[{"embeddable":true,"href":"https:\/\/www.informationskompetenz.de\/index.php\/wp-json\/wp\/v2\/comments?post=2006"}],"version-history":[{"count":18,"href":"https:\/\/www.informationskompetenz.de\/index.php\/wp-json\/wp\/v2\/pages\/2006\/revisions"}],"predecessor-version":[{"id":5508,"href":"https:\/\/www.informationskompetenz.de\/index.php\/wp-json\/wp\/v2\/pages\/2006\/revisions\/5508"}],"up":[{"embeddable":true,"href":"https:\/\/www.informationskompetenz.de\/index.php\/wp-json\/wp\/v2\/pages\/2045"}],"wp:attachment":[{"href":"https:\/\/www.informationskompetenz.de\/index.php\/wp-json\/wp\/v2\/media?parent=2006"}],"curies":[{"name":"wp","href":"https:\/\/api.w.org\/{rel}","templated":true}]}}