{"id":210,"date":"2015-02-22T17:27:02","date_gmt":"2015-02-22T16:27:02","guid":{"rendered":"http:\/\/informationskompetenz.de\/\/?page_id=210"},"modified":"2019-05-29T09:13:23","modified_gmt":"2019-05-29T07:13:23","slug":"regionen","status":"publish","type":"page","link":"https:\/\/www.informationskompetenz.de\/index.php\/regionen\/","title":{"rendered":"Regionen"},"content":{"rendered":"<p>Aktivit\u00e4ten der IK-Arbeitsgruppen und Netzwerke sind auf deren regionalen Seiten dokumentiert. Die RegionalvertreterInnen stellen als <a href=\"mailto: informationskompetenz@bibliotheksportal.de\">Portalredaktion<\/a>\u00a0in Kooperation mit der <a href=\"http:\/\/www.informationskompetenz.de\/index.php\/kommission-informationskompetenz\/\">Kommission Informationskompetenz<\/a> Aktualit\u00e4t und Praxisn\u00e4he der Inhalte auf der gemeinsamen Plattform sicher. Au\u00dferdem erfassen die beteiligten Bibliotheken ihre Schulungsaktivit\u00e4ten \u00fcber das Portal und erm\u00f6glichen durch die Zusammenf\u00fchrung der anonymisierten Rohdaten eine regionale und bundesweite <a href=\"http:\/\/www.informationskompetenz.de\/index.php\/veranstaltungsstatistik\/\">IK-Schulungsstatistik<\/a>.<\/p>\n<ul>\n<li><a href=\"http:\/\/www.informationskompetenz.de\/index.php\/regionen\/baden-wuerttemberg\/\">Baden-W\u00fcrttemberg<\/a><\/li>\n<li><a href=\"http:\/\/www.informationskompetenz.de\/index.php\/regionen\/bayern\/\">Bayern<\/a><\/li>\n<li><a href=\"http:\/\/www.informationskompetenz.de\/index.php\/regionen\/berlin-brandenburg\/\">Berlin \/ Brandenburg<\/a><\/li>\n<li><a href=\"http:\/\/www.informationskompetenz.de\/index.php\/regionen\/bremen\">Bremen<\/a><\/li>\n<li><a href=\"http:\/\/www.informationskompetenz.de\/index.php\/regionen\/hamburg\/\">Hamburg<\/a><\/li>\n<li><a href=\"http:\/\/www.informationskompetenz.de\/index.php\/regionen\/hessen\/\">Hessen<\/a><\/li>\n<li><a href=\"http:\/\/www.informationskompetenz.de\/index.php\/regionen\/mecklenburg-vorpommern\/\">Mecklenburg-Vorpommern<\/a><\/li>\n<li><a href=\"http:\/\/www.informationskompetenz.de\/index.php\/regionen\/niedersachsen\/\">Niedersachsen<\/a><\/li>\n<li><a href=\"http:\/\/www.informationskompetenz.de\/index.php\/regionen\/nordrhein-westfalen\/\">Nordrhein-Westfalen<\/a><\/li>\n<li><a href=\"http:\/\/www.informationskompetenz.de\/index.php\/regionen\/rheinland-pfalz-und-saarland\/\">Rheinland-Pfalz und Saarland<\/a><\/li>\n<li><a href=\"http:\/\/www.informationskompetenz.de\/index.php\/regionen\/sachsen\/\">Sachsen<\/a><\/li>\n<li><a href=\"http:\/\/www.informationskompetenz.de\/index.php\/regionen\/sachsen-anhalt\/\">Sachsen-Anhalt<\/a><\/li>\n<li><a href=\"http:\/\/www.informationskompetenz.de\/index.php\/regionen\/schleswig-holstein\/\">Schleswig-Holstein<\/a><\/li>\n<li><a href=\"http:\/\/www.informationskompetenz.de\/index.php\/regionen\/thueringen\/\">Th\u00fcringen<\/a><\/li>\n<\/ul>\n<p>Kontakt Portalredaktion: informationskompetenz@bibliotheksportal.de<\/p>\n","protected":false},"excerpt":{"rendered":"<p>Aktivit\u00e4ten der IK-Arbeitsgruppen und Netzwerke sind auf deren regionalen Seiten dokumentiert. Die RegionalvertreterInnen stellen als Portalredaktion\u00a0in Kooperation mit der Kommission Informationskompetenz Aktualit\u00e4t und Praxisn\u00e4he der Inhalte auf der gemeinsamen Plattform [&hellip;]<\/p>\n","protected":false},"author":1,"featured_media":0,"parent":0,"menu_order":0,"comment_status":"closed","ping_status":"open","template":"","meta":{"footnotes":""},"class_list":["post-210","page","type-page","status-publish","hentry"],"_links":{"self":[{"href":"https:\/\/www.informationskompetenz.de\/index.php\/wp-json\/wp\/v2\/pages\/210","targetHints":{"allow":["GET"]}}],"collection":[{"href":"https:\/\/www.informationskompetenz.de\/index.php\/wp-json\/wp\/v2\/pages"}],"about":[{"href":"https:\/\/www.informationskompetenz.de\/index.php\/wp-json\/wp\/v2\/types\/page"}],"author":[{"embeddable":true,"href":"https:\/\/www.informationskompetenz.de\/index.php\/wp-json\/wp\/v2\/users\/1"}],"replies":[{"embeddable":true,"href":"https:\/\/www.informationskompetenz.de\/index.php\/wp-json\/wp\/v2\/comments?post=210"}],"version-history":[{"count":22,"href":"https:\/\/www.informationskompetenz.de\/index.php\/wp-json\/wp\/v2\/pages\/210\/revisions"}],"predecessor-version":[{"id":4386,"href":"https:\/\/www.informationskompetenz.de\/index.php\/wp-json\/wp\/v2\/pages\/210\/revisions\/4386"}],"wp:attachment":[{"href":"https:\/\/www.informationskompetenz.de\/index.php\/wp-json\/wp\/v2\/media?parent=210"}],"curies":[{"name":"wp","href":"https:\/\/api.w.org\/{rel}","templated":true}]}}