{"id":263,"date":"2015-03-07T08:01:16","date_gmt":"2015-03-07T07:01:16","guid":{"rendered":"http:\/\/informationskompetenz.de\/\/?page_id=263"},"modified":"2026-01-27T16:01:59","modified_gmt":"2026-01-27T15:01:59","slug":"thueringen","status":"publish","type":"page","link":"https:\/\/www.informationskompetenz.de\/index.php\/regionen\/thueringen\/","title":{"rendered":"Th\u00fcringen"},"content":{"rendered":"<div class=\"csc-header csc-header-n1\">\n<h3 class=\"csc-firstHeader\">AG Informationskompetenz Th\u00fcringen<\/h3>\n<\/div>\n<p class=\"bodytext\">Die AG Informationskompetenz ist seit 2020 dem Bibliotheksservicecenter der Th\u00fcringer Hochschulbibliotheken zugeordnet. Sie war von 2011 bis 2019 eine AG der Direktorenkonferenz Th\u00fcringer Wissenschaftlicher Bibliotheken (DTWB). Von 2002 bis 2009 existierte die Th\u00fcringenweite AG Benutzerschulung, die auf Initiative des dbv-Landesverbands eingerichtet wurde.<\/p>\n<p>Die AG dient dem Erfahrungsaustausch, der Entwicklung gemeinsamer Projekte und der Durchf\u00fchrung von Fortbildungen f\u00fcr Bibliotheksmitarbeitende des Freistaats. Dabei arbeitet sie eng mit dem dbv-Landesverband Th\u00fcringen zusammen.<\/p>\n","protected":false},"excerpt":{"rendered":"<p>AG Informationskompetenz Th\u00fcringen Die AG Informationskompetenz ist seit 2020 dem Bibliotheksservicecenter der Th\u00fcringer Hochschulbibliotheken zugeordnet. Sie war von 2011 bis 2019 eine AG der Direktorenkonferenz Th\u00fcringer Wissenschaftlicher Bibliotheken (DTWB). Von [&hellip;]<\/p>\n","protected":false},"author":1,"featured_media":0,"parent":210,"menu_order":0,"comment_status":"closed","ping_status":"open","template":"","meta":{"footnotes":""},"class_list":["post-263","page","type-page","status-publish","hentry"],"_links":{"self":[{"href":"https:\/\/www.informationskompetenz.de\/index.php\/wp-json\/wp\/v2\/pages\/263","targetHints":{"allow":["GET"]}}],"collection":[{"href":"https:\/\/www.informationskompetenz.de\/index.php\/wp-json\/wp\/v2\/pages"}],"about":[{"href":"https:\/\/www.informationskompetenz.de\/index.php\/wp-json\/wp\/v2\/types\/page"}],"author":[{"embeddable":true,"href":"https:\/\/www.informationskompetenz.de\/index.php\/wp-json\/wp\/v2\/users\/1"}],"replies":[{"embeddable":true,"href":"https:\/\/www.informationskompetenz.de\/index.php\/wp-json\/wp\/v2\/comments?post=263"}],"version-history":[{"count":4,"href":"https:\/\/www.informationskompetenz.de\/index.php\/wp-json\/wp\/v2\/pages\/263\/revisions"}],"predecessor-version":[{"id":4604,"href":"https:\/\/www.informationskompetenz.de\/index.php\/wp-json\/wp\/v2\/pages\/263\/revisions\/4604"}],"up":[{"embeddable":true,"href":"https:\/\/www.informationskompetenz.de\/index.php\/wp-json\/wp\/v2\/pages\/210"}],"wp:attachment":[{"href":"https:\/\/www.informationskompetenz.de\/index.php\/wp-json\/wp\/v2\/media?parent=263"}],"curies":[{"name":"wp","href":"https:\/\/api.w.org\/{rel}","templated":true}]}}