{"id":2661,"date":"2016-03-13T12:36:36","date_gmt":"2016-03-13T11:36:36","guid":{"rendered":"http:\/\/wp.informationskompetenz.de\/?page_id=2661"},"modified":"2023-02-14T15:26:26","modified_gmt":"2023-02-14T14:26:26","slug":"ansprechpartner","status":"publish","type":"page","link":"https:\/\/www.informationskompetenz.de\/index.php\/regionen\/thueringen\/ansprechpartner\/","title":{"rendered":"Mitglieder der AG"},"content":{"rendered":"<p class=\"bodytext\">Antje Behrendt, <a href=\"https:\/\/www.fh-erfurt.de\/fhe\/zentrale-einrichtungen\/bibo\/startseite\/\">Bibliothek der Fachhochschule Erfurt<\/a><\/p>\n<p>Christiane Harnisch, <a href=\"https:\/\/www.hfm-weimar.de\/studierende\/campus\/bibliothek\/\">Bibliothek der Hochschule f\u00fcr Musik Weimar<\/a><\/p>\n<p>Dana Horch, <a href=\"https:\/\/www.uni-weimar.de\/de\/universitaet\/struktur\/zentrale-einrichtungen\/universitaetsbibliothek\/\">Universit\u00e4tsbibliothek Weimar<\/a><\/p>\n<p>Beatrice Trapp, <a href=\"https:\/\/www.dhge.de\/DHGE\/Einrichtungen\/Bibliothek.html\">Duale Hochschule Gera-Eisenach<\/a><\/p>\n<p>Milena Pfafferott, <a href=\"http:\/\/tu-ilmenau.de\/ub\">Universit\u00e4tsbibliothek Ilmenau<\/a><\/p>\n<p class=\"bodytext\">Andr\u00e9 Sch\u00e4fer, <a href=\"https:\/\/www.hs-nordhausen.de\/service\/bibliothek\/\">Bibliothek der Hochschule Nordhausen<\/a><\/p>\n<p class=\"bodytext\">Elfi Schmidt, <a href=\"https:\/\/www.eah-jena.de\/de-de\/struktur\/referate\/3\">Bibliothek der Ernst-Abbe-Hochschule Jena<\/a><\/p>\n<p>Anke Seifert, <a href=\"https:\/\/www.uni-erfurt.de\/forschungsbibliothek-gotha\">Forschungsbibliothek Gotha<\/a><\/p>\n<p class=\"bodytext\">Claudia Streim, <a href=\"https:\/\/www.klassik-stiftung.de\/herzogin-anna-amalia-bibliothek\/\">Herzogin Anna Amalia Bibliothek Weimar<\/a><\/p>\n<p>Eugen Underberg (Sprecher der AG), <a href=\"https:\/\/www.thulb.uni-jena.de\/\">Th\u00fcringer Universit\u00e4ts- und Landesbibliothek Jena<\/a><\/p>\n<p class=\"bodytext\">Barbara Waszynski, <a href=\"https:\/\/www.hs-schmalkalden.de\/hochschule\/einrichtungen\/bibliothek.html\">Bibliothek der Fachhochschule Schmalkalden<\/a><\/p>\n<p class=\"bodytext\">Sabine Ziebarth, <a href=\"https:\/\/www.uni-erfurt.de\/bibliothek\">Universit\u00e4tsbibliothek Erfurt<\/a><\/p>\n<p>&nbsp;<\/p>\n<p>&nbsp;<\/p>\n","protected":false},"excerpt":{"rendered":"<p>Antje Behrendt, Bibliothek der Fachhochschule Erfurt Christiane Harnisch, Bibliothek der Hochschule f\u00fcr Musik Weimar Dana Horch, Universit\u00e4tsbibliothek Weimar Beatrice Trapp, Duale Hochschule Gera-Eisenach Milena Pfafferott, Universit\u00e4tsbibliothek Ilmenau Andr\u00e9 Sch\u00e4fer, Bibliothek [&hellip;]<\/p>\n","protected":false},"author":17,"featured_media":0,"parent":263,"menu_order":0,"comment_status":"closed","ping_status":"closed","template":"","meta":{"footnotes":""},"class_list":["post-2661","page","type-page","status-publish","hentry"],"_links":{"self":[{"href":"https:\/\/www.informationskompetenz.de\/index.php\/wp-json\/wp\/v2\/pages\/2661","targetHints":{"allow":["GET"]}}],"collection":[{"href":"https:\/\/www.informationskompetenz.de\/index.php\/wp-json\/wp\/v2\/pages"}],"about":[{"href":"https:\/\/www.informationskompetenz.de\/index.php\/wp-json\/wp\/v2\/types\/page"}],"author":[{"embeddable":true,"href":"https:\/\/www.informationskompetenz.de\/index.php\/wp-json\/wp\/v2\/users\/17"}],"replies":[{"embeddable":true,"href":"https:\/\/www.informationskompetenz.de\/index.php\/wp-json\/wp\/v2\/comments?post=2661"}],"version-history":[{"count":14,"href":"https:\/\/www.informationskompetenz.de\/index.php\/wp-json\/wp\/v2\/pages\/2661\/revisions"}],"predecessor-version":[{"id":5056,"href":"https:\/\/www.informationskompetenz.de\/index.php\/wp-json\/wp\/v2\/pages\/2661\/revisions\/5056"}],"up":[{"embeddable":true,"href":"https:\/\/www.informationskompetenz.de\/index.php\/wp-json\/wp\/v2\/pages\/263"}],"wp:attachment":[{"href":"https:\/\/www.informationskompetenz.de\/index.php\/wp-json\/wp\/v2\/media?parent=2661"}],"curies":[{"name":"wp","href":"https:\/\/api.w.org\/{rel}","templated":true}]}}