{"id":2974,"date":"2017-03-28T14:55:03","date_gmt":"2017-03-28T12:55:03","guid":{"rendered":"http:\/\/www.informationskompetenz.de\/?page_id=2974"},"modified":"2017-03-28T15:37:16","modified_gmt":"2017-03-28T13:37:16","slug":"veranstaltungen-in-berlin-brandenburg","status":"publish","type":"page","link":"https:\/\/www.informationskompetenz.de\/index.php\/regionen\/berlin-brandenburg\/veranstaltungen-in-berlin-brandenburg\/","title":{"rendered":"Veranstaltungen in Berlin \/ Brandenburg"},"content":{"rendered":"<h3>Veranstaltungsreihen des NIK Berlin-Brandenburg:<\/h3>\n<p><a href=\"http:\/\/www.informationskompetenz.de\/wp-content\/uploads\/2016\/06\/Doktoranden_2016_Flyer.pdf\"><strong>Lost in Dissertation?<\/strong><\/a><\/p>\n<p><strong>Von der Literaturverwaltung bis zur Publikation &#8211; Eine Vortragsreihe f\u00fcr Doktorandinnen und Doktoranden\u00a0<\/strong><\/p>\n<p>15. Juni bis 15. Juli 2016<\/p>\n<div class=\"post_body\">\n<p>W\u00e4hrend der Promotionsphase stellen sich viele praktische Fragen, angefangen bei der Arbeitsorganisation w\u00e4hrend der Recherche- und Schreibphase bis hin zum entscheidenden abschlie\u00dfenden Schritt, der Publikation. Expertinnen und Experten der Berliner Universit\u00e4tsbibliotheken und der Staatsbibliothek zu Berlin \u2013 Preu\u00dfischer Kulturbesitz pr\u00e4sentieren Ihnen eine Bandbreite an Themen rund um die Erstellung und Ver\u00f6ffentlichung Ihrer Doktorarbeit. So erhalten Sie einen kompakten \u00dcberblick \u00fcber die wichtigsten Aspekte sowie weiterf\u00fchrende konkrete Informationen zu einzelnen Angeboten der Universit\u00e4ten. Zum Auftakt gibt es eine Keynote von Prof. Reinhard F\u00f6rtsch (Deutsches Arch\u00e4ologisches Institut) zu institutionellen Dateninfrastrukturen und deren Mehrwert f\u00fcr Promovierende und Publizierende.<br \/>\nDie einzelnen Themen werden in f\u00fcnf voneinander unabh\u00e4ngigen Modulen pr\u00e4sentiert, so dass Sie je nach Interessenslage an allen oder nur ausgew\u00e4hlten Veranstaltungen teilnehmen k\u00f6nnen.<\/p>\n<h4>Die einzelnen Vortr\u00e4ge im \u00dcberblick:<\/h4>\n<ul>\n<li>Christian Mathieu, Armin Talke: Publish or Perish? Wissenschaftliches Publizieren f\u00fcr Promovierende<br \/>\n15. Juni 2016, 14.30\u201317.00 Uhr<\/li>\n<li>Dr. Reinhard F\u00f6rtsch: Keynote: Dissertation als empfohlene Insell\u00f6sung? Individualismus versus Infrastruktur<br \/>\n15. Juni 2016, 18.00\u201320.00 Uhr<\/li>\n<li>Dr. Georg Schelbert, Dr. Christian Mathieu, Armin Talke: Licht und Schatten: Bildrechte beim wissenschaftlichen Publizieren<br \/>\n20. Juni 2016, 16.30\u201318.30 Uhr<\/li>\n<li>Dagmar Schobert, Michaela Voigt: Open Access \u2013 freier Zugang zu wissenschaftlichen Ver\u00f6ffentlichungen, Forschungsdaten und Software<br \/>\n4. Juli 2016, 14.00\u201317.00 Uhr<\/li>\n<li>Pamela Aust, Kerstin Helbig, Monika Kuberek: Forschungsdatenmanagement an der Humboldt Universit\u00e4t zu Berlin und der Technischen Universit\u00e4t Berlin<br \/>\n7. Juli 2016, 15.00\u201317.00 Uhr<\/li>\n<li>Anna-Katharina Huth, Dr. Ulrike Schenk: Master of Disaster? Strukturiert und effektiv arbeiten mit Literaturverwaltungsprogrammen<br \/>\n11. Juli 2016, 12.00\u201314.00 Uhr<\/li>\n<\/ul>\n<p>Die Teilnahme ist jeweils kostenfrei, um Anmeldung wird gebeten unter http:\/\/sbb.berlin\/promovierende. Dort finden Sie auch n\u00e4here Informationen zu den Einzelterminen, zum Veranstaltungsort sowie die Kontaktdaten des Veranstalters.<\/p>\n<p>Die Vortragsreihe wird organisiert und veranstaltet vom Netzwerk Informationskompetenz Berlin-Brandenburg (NIK-BB)<\/p>\n<p>Ort: Staatsbibliothek zu Berlin &#8211; Preu\u00dfischer Kulturbesitz, Sim\u00f3n-Bol\u00edvar-Saal, Haus Potsdamer Stra\u00dfe 33<\/p>\n<\/div>\n<div class=\"meta\">20. Mai 2016\u00a0 \/ Ver\u00f6ffentlicht von Ulrike Schenk<\/div>\n<p>&nbsp;<\/p>\n<p>&nbsp;<\/p>\n","protected":false},"excerpt":{"rendered":"<p>Veranstaltungsreihen des NIK Berlin-Brandenburg: Lost in Dissertation? Von der Literaturverwaltung bis zur Publikation &#8211; Eine Vortragsreihe f\u00fcr Doktorandinnen und Doktoranden\u00a0 15. Juni bis 15. Juli 2016 W\u00e4hrend der Promotionsphase stellen [&hellip;]<\/p>\n","protected":false},"author":14,"featured_media":0,"parent":242,"menu_order":1,"comment_status":"closed","ping_status":"closed","template":"","meta":{"footnotes":""},"class_list":["post-2974","page","type-page","status-publish","hentry"],"_links":{"self":[{"href":"https:\/\/www.informationskompetenz.de\/index.php\/wp-json\/wp\/v2\/pages\/2974","targetHints":{"allow":["GET"]}}],"collection":[{"href":"https:\/\/www.informationskompetenz.de\/index.php\/wp-json\/wp\/v2\/pages"}],"about":[{"href":"https:\/\/www.informationskompetenz.de\/index.php\/wp-json\/wp\/v2\/types\/page"}],"author":[{"embeddable":true,"href":"https:\/\/www.informationskompetenz.de\/index.php\/wp-json\/wp\/v2\/users\/14"}],"replies":[{"embeddable":true,"href":"https:\/\/www.informationskompetenz.de\/index.php\/wp-json\/wp\/v2\/comments?post=2974"}],"version-history":[{"count":5,"href":"https:\/\/www.informationskompetenz.de\/index.php\/wp-json\/wp\/v2\/pages\/2974\/revisions"}],"predecessor-version":[{"id":3336,"href":"https:\/\/www.informationskompetenz.de\/index.php\/wp-json\/wp\/v2\/pages\/2974\/revisions\/3336"}],"up":[{"embeddable":true,"href":"https:\/\/www.informationskompetenz.de\/index.php\/wp-json\/wp\/v2\/pages\/242"}],"wp:attachment":[{"href":"https:\/\/www.informationskompetenz.de\/index.php\/wp-json\/wp\/v2\/media?parent=2974"}],"curies":[{"name":"wp","href":"https:\/\/api.w.org\/{rel}","templated":true}]}}