{"id":3761,"date":"2018-04-18T16:02:57","date_gmt":"2018-04-18T14:02:57","guid":{"rendered":"http:\/\/www.informationskompetenz.de\/?page_id=3761"},"modified":"2019-02-14T13:22:53","modified_gmt":"2019-02-14T12:22:53","slug":"b2","status":"publish","type":"page","link":"https:\/\/www.informationskompetenz.de\/index.php\/standards-und-positionen\/referenzrahmen\/b2\/","title":{"rendered":"Selbst\u00e4ndige Informationskompetenz &#8211; Niveaustufe: B2"},"content":{"rendered":"<h3>Suchen<\/h3>\n<table cellspacing=\"10\" cellpadding=\"10\">\n<tbody>\n<tr>\n<td>Wissensbedarf formulieren<\/td>\n<td>Zu einem l\u00e4ngeren popul\u00e4rwissenschaftlichen Text Suchbegriffe formulieren<\/td>\n<\/tr>\n<tr>\n<td>Quellen finden<\/td>\n<td>Gezielt nach unterschiedlichen Medien suchen, die sicher weiterf\u00fchrende Informationen enthalten<\/td>\n<\/tr>\n<tr>\n<td>Quellen ausw\u00e4hlen<\/td>\n<td>Gezielt nach unterschiedlichen Medien suchen, die sicher weiterf\u00fchrende Informationen enthalten<\/td>\n<\/tr>\n<tr>\n<td>Informationen isolieren<\/td>\n<td>Den Suchprozess protokollieren und anhand formaler Angaben potenziell relevante Treffer identifizieren<\/td>\n<\/tr>\n<\/tbody>\n<\/table>\n<h3>Pr\u00fcfen<\/h3>\n<table cellspacing=\"10\" cellpadding=\"10\">\n<tbody>\n<tr>\n<td>Thematische Relevanz<\/td>\n<td>Das Suchthema innerhalb eines kontinuierlichen Textes mittlerer L\u00e4nge und Komplexit\u00e4t mit diesem Themenschwerpunkt erkennen<\/td>\n<\/tr>\n<tr>\n<td>Sachliche Richtigkeit<\/td>\n<td>Verborgene Widerspr\u00fcche im Text und Fehler aufsp\u00fcren, ggf. unter Zuhilfenahme einer anderen Quelle<\/td>\n<\/tr>\n<tr>\n<td>Formale Richtigkeit<\/td>\n<td>Formale M\u00e4ngel erkennen und beheben<\/td>\n<\/tr>\n<tr>\n<td>Vollst\u00e4ndigkeit<\/td>\n<td>Absch\u00e4tzen, ob vorgegebene Fragen anhand der gefundenen Medien potenziell zu beantworten sind<\/td>\n<\/tr>\n<\/tbody>\n<\/table>\n<h3>Wissen<\/h3>\n<table cellspacing=\"10\" cellpadding=\"10\">\n<tbody>\n<tr>\n<td>Formulieren<\/td>\n<td>Eine komplexe thematisch relevante Information in eigenen Worten frei formulieren<\/td>\n<\/tr>\n<tr>\n<td>Vergleichen<\/td>\n<td>Aus neuer Information und Bekanntem eine eigenst\u00e4ndige Aussage formulieren<\/td>\n<\/tr>\n<tr>\n<td>Einordnen<\/td>\n<td>Bedeutung der neuen Information f\u00fcr das Thema absch\u00e4tzen<\/td>\n<\/tr>\n<tr>\n<td>Strukturieren<\/td>\n<td>Mehrere Texte zu einem Thema anhand eigener Textauszeichnungen erschlie\u00dfen<\/td>\n<\/tr>\n<\/tbody>\n<\/table>\n<h3>Darstellen<\/h3>\n<table cellspacing=\"10\" cellpadding=\"10\">\n<tbody>\n<tr>\n<td>Einfachheit<\/td>\n<td>Ein komplexes Thema anschaulich darstellen<\/td>\n<\/tr>\n<tr>\n<td>Semantische Redundanz<\/td>\n<td>Das Thema auf naheliegende, andere Zusammenh\u00e4nge \u00fcbertragen<\/td>\n<\/tr>\n<tr>\n<td>Kognitive Strukturierung<\/td>\n<td>Teilaspekte des Themas anhand von Vergleichen darstellen<\/td>\n<\/tr>\n<tr>\n<td>Kognitiver Konflikt<\/td>\n<td>Den ausgew\u00e4hlten Themenaspekt an einem Bild einf\u00fchren<\/td>\n<\/tr>\n<\/tbody>\n<\/table>\n<h3>Weitergeben<\/h3>\n<table cellspacing=\"10\" cellpadding=\"10\">\n<tbody>\n<tr>\n<td>Nutzungsbedingungen kl\u00e4ren<\/td>\n<td>Die Grundregeln des Urheberrechtsgesetzes nennen<\/td>\n<\/tr>\n<tr>\n<td>Zitate kennzeichnen<\/td>\n<td>Erkennen, welche Form und welcher Umfang eines Zitates f\u00fcr den eigenen Text angemessen ist<\/td>\n<\/tr>\n<tr>\n<td>Quellen nennen<\/td>\n<td>F\u00fcr jedes Zitat vollst\u00e4ndige bibliografische Informationen s\u00e4mtlicher Medienarten nennen<\/td>\n<\/tr>\n<tr>\n<td>Netzwerke nutzen<\/td>\n<td>Sich mit anderen Interessierten \u00fcber das eigene Thema austauschen<\/td>\n<\/tr>\n<\/tbody>\n<\/table>\n<p style=\"text-align: right;\"><a href=\"http:\/\/www.informationskompetenz.de\/index.php\/referenzrahmen\/c1\/\">Niveaustufe C1<\/a><\/p>\n<p><a href=\"http:\/\/www.informationskompetenz.de\/index.php\/referenzrahmen\/b1\/\">Niveaustufe B1<\/a><\/p>\n<p><a rel=\"license\" href=\"http:\/\/creativecommons.org\/licenses\/by-sa\/4.0\/\"><img decoding=\"async\" alt=\"Creative Commons Lizenzvertrag\" style=\"border-width:0\" src=\"https:\/\/i.creativecommons.org\/l\/by-sa\/4.0\/80x15.png\" \/><\/a><br \/>Dieses Werk ist lizenziert unter einer <a rel=\"license\" href=\"http:\/\/creativecommons.org\/licenses\/by-sa\/4.0\/\">Creative Commons Namensnennung &#8211; Weitergabe unter gleichen Bedingungen 4.0 International Lizenz<\/a>.<\/p>\n","protected":false},"excerpt":{"rendered":"<p>Suchen Wissensbedarf formulieren Zu einem l\u00e4ngeren popul\u00e4rwissenschaftlichen Text Suchbegriffe formulieren Quellen finden Gezielt nach unterschiedlichen Medien suchen, die sicher weiterf\u00fchrende Informationen enthalten Quellen ausw\u00e4hlen Gezielt nach unterschiedlichen Medien suchen, die [&hellip;]<\/p>\n","protected":false},"author":16,"featured_media":0,"parent":1467,"menu_order":4,"comment_status":"closed","ping_status":"closed","template":"","meta":{"footnotes":""},"class_list":["post-3761","page","type-page","status-publish","hentry"],"_links":{"self":[{"href":"https:\/\/www.informationskompetenz.de\/index.php\/wp-json\/wp\/v2\/pages\/3761","targetHints":{"allow":["GET"]}}],"collection":[{"href":"https:\/\/www.informationskompetenz.de\/index.php\/wp-json\/wp\/v2\/pages"}],"about":[{"href":"https:\/\/www.informationskompetenz.de\/index.php\/wp-json\/wp\/v2\/types\/page"}],"author":[{"embeddable":true,"href":"https:\/\/www.informationskompetenz.de\/index.php\/wp-json\/wp\/v2\/users\/16"}],"replies":[{"embeddable":true,"href":"https:\/\/www.informationskompetenz.de\/index.php\/wp-json\/wp\/v2\/comments?post=3761"}],"version-history":[{"count":3,"href":"https:\/\/www.informationskompetenz.de\/index.php\/wp-json\/wp\/v2\/pages\/3761\/revisions"}],"predecessor-version":[{"id":4254,"href":"https:\/\/www.informationskompetenz.de\/index.php\/wp-json\/wp\/v2\/pages\/3761\/revisions\/4254"}],"up":[{"embeddable":true,"href":"https:\/\/www.informationskompetenz.de\/index.php\/wp-json\/wp\/v2\/pages\/1467"}],"wp:attachment":[{"href":"https:\/\/www.informationskompetenz.de\/index.php\/wp-json\/wp\/v2\/media?parent=3761"}],"curies":[{"name":"wp","href":"https:\/\/api.w.org\/{rel}","templated":true}]}}