{"id":3768,"date":"2018-04-18T16:18:45","date_gmt":"2018-04-18T14:18:45","guid":{"rendered":"http:\/\/www.informationskompetenz.de\/?page_id=3768"},"modified":"2019-02-14T13:23:05","modified_gmt":"2019-02-14T12:23:05","slug":"c1","status":"publish","type":"page","link":"https:\/\/www.informationskompetenz.de\/index.php\/standards-und-positionen\/referenzrahmen\/c1\/","title":{"rendered":"Nachhaltige Informationskompetenz &#8211; Niveaustufe: C1"},"content":{"rendered":"<h3>Suchen<\/h3>\n<table cellspacing=\"10\" cellpadding=\"10\">\n<tbody>\n<tr>\n<td>Wissensbedarf formulieren<\/td>\n<td>Einem wissenschaftlichen Text Suchbegriffe entnehmen<\/td>\n<\/tr>\n<tr>\n<td>Quellen finden<\/td>\n<td>Selbst\u00e4ndig auch in unbekannten Informationseinrichtungen Medien finden<\/td>\n<\/tr>\n<tr>\n<td>Quellen ausw\u00e4hlen<\/td>\n<td>Selbst\u00e4ndig auch in unbekannten Informationseinrichtungen Medien finden<\/td>\n<\/tr>\n<tr>\n<td>Informationen isolieren<\/td>\n<td>Den Suchprozess dokumentieren und nach Vorgabe die Intentionen publizierter Informationen erkennen<\/td>\n<\/tr>\n<\/tbody>\n<\/table>\n<h3>Pr\u00fcfen<\/h3>\n<table cellspacing=\"10\" cellpadding=\"10\">\n<tbody>\n<tr>\n<td>Thematische Relevanz<\/td>\n<td>Das Suchthema innerhalb eines \u00fcberschaubaren Textes mit mehreren thematischen Schwerpunkten erkennen<\/td>\n<\/tr>\n<tr>\n<td>Sachliche Richtigkeit<\/td>\n<td>Widerspr\u00fcche im Text und falsche Informationen mit anderen Quellen vergleichen<\/td>\n<\/tr>\n<tr>\n<td>Formale Richtigkeit<\/td>\n<td>Strukturelle Fehler und M\u00e4ngel erkennen<\/td>\n<\/tr>\n<tr>\n<td>Vollst\u00e4ndigkeit<\/td>\n<td>Entscheiden, anhand welcher Kriterien eine Erf\u00fcllung des Informationsbedarfes festgestellt werden kann<\/td>\n<\/tr>\n<\/tbody>\n<\/table>\n<h3>Wissen<\/h3>\n<table cellspacing=\"10\" cellpadding=\"10\">\n<tbody>\n<tr>\n<td>Formulieren<\/td>\n<td>Eine einfache thematisch relevante Information fachsprachlich neu formulieren<\/td>\n<\/tr>\n<tr>\n<td>Vergleichen<\/td>\n<td>Neue Informationen und Bekanntes durch weitere Quellen in einen gr\u00f6\u00dferen Zusammenhang stellen<\/td>\n<\/tr>\n<tr>\n<td>Einordnen<\/td>\n<td>Eigene Meinung aufgrund neuer Informationen \u00fcberdenken<\/td>\n<\/tr>\n<tr>\n<td>Strukturieren<\/td>\n<td>Neue Informationen aus unterschiedlichen Quellen in eine eigene, sinnvolle Reihenfolge bringen<\/td>\n<\/tr>\n<\/tbody>\n<\/table>\n<h3>Darstellen<\/h3>\n<table cellspacing=\"10\" cellpadding=\"10\">\n<tbody>\n<tr>\n<td>Einfachheit<\/td>\n<td>In umfangreichen Darstellungen ein komplexes Thema anschaulich darstellen<\/td>\n<\/tr>\n<tr>\n<td>Semantische Redundanz<\/td>\n<td>Das Thema kreativ auf andere Zusammenh\u00e4nge \u00fcbertragen<\/td>\n<\/tr>\n<tr>\n<td>Kognitive Strukturierung<\/td>\n<td>Ein Thema klar strukturieren und Teilaspekte mit jeweils sinnvollen Mitteln darstellen<\/td>\n<\/tr>\n<tr>\n<td>Kognitiver Konflikt<\/td>\n<td>Den ausgew\u00e4hlten Themenaspekt vom Publikum selbst erkennen lassen<\/td>\n<\/tr>\n<\/tbody>\n<\/table>\n<h3>Weitergeben<\/h3>\n<table cellspacing=\"10\" cellpadding=\"10\">\n<tbody>\n<tr>\n<td>Nutzungsbedingungen kl\u00e4ren<\/td>\n<td>Das Urheberrechtsgesetz verstehen und anwenden sowie grundlegende Nutzungsbedingungen fremder Publikationen ermitteln<\/td>\n<\/tr>\n<tr>\n<td>Zitate kennzeichnen<\/td>\n<td>Plagiarismus bei sich und anderen vermeiden<\/td>\n<\/tr>\n<tr>\n<td>Quellen nennen<\/td>\n<td>Fachspezifische Zitierregeln anwenden<\/td>\n<\/tr>\n<tr>\n<td>Netzwerke nutzen<\/td>\n<td>Neue Erkenntnisse innerhalb des eigenen Wissenschaftsbereichs mit anderen austauschen<\/td>\n<\/tr>\n<\/tbody>\n<\/table>\n<p style=\"text-align: right;\"><a href=\"http:\/\/www.informationskompetenz.de\/index.php\/referenzrahmen\/c2\/\">Niveaustufe C2<\/a><\/p>\n<p><a href=\"http:\/\/www.informationskompetenz.de\/index.php\/referenzrahmen\/b2\/\">Niveaustufe B2<\/a><\/p>\n<p><a rel=\"license\" href=\"http:\/\/creativecommons.org\/licenses\/by-sa\/4.0\/\"><img decoding=\"async\" alt=\"Creative Commons Lizenzvertrag\" style=\"border-width:0\" src=\"https:\/\/i.creativecommons.org\/l\/by-sa\/4.0\/80x15.png\" \/><\/a><br \/>Dieses Werk ist lizenziert unter einer <a rel=\"license\" href=\"http:\/\/creativecommons.org\/licenses\/by-sa\/4.0\/\">Creative Commons Namensnennung &#8211; Weitergabe unter gleichen Bedingungen 4.0 International Lizenz<\/a>.<\/p>\n","protected":false},"excerpt":{"rendered":"<p>Suchen Wissensbedarf formulieren Einem wissenschaftlichen Text Suchbegriffe entnehmen Quellen finden Selbst\u00e4ndig auch in unbekannten Informationseinrichtungen Medien finden Quellen ausw\u00e4hlen Selbst\u00e4ndig auch in unbekannten Informationseinrichtungen Medien finden Informationen isolieren Den Suchprozess [&hellip;]<\/p>\n","protected":false},"author":16,"featured_media":0,"parent":1467,"menu_order":5,"comment_status":"closed","ping_status":"closed","template":"","meta":{"footnotes":""},"class_list":["post-3768","page","type-page","status-publish","hentry"],"_links":{"self":[{"href":"https:\/\/www.informationskompetenz.de\/index.php\/wp-json\/wp\/v2\/pages\/3768","targetHints":{"allow":["GET"]}}],"collection":[{"href":"https:\/\/www.informationskompetenz.de\/index.php\/wp-json\/wp\/v2\/pages"}],"about":[{"href":"https:\/\/www.informationskompetenz.de\/index.php\/wp-json\/wp\/v2\/types\/page"}],"author":[{"embeddable":true,"href":"https:\/\/www.informationskompetenz.de\/index.php\/wp-json\/wp\/v2\/users\/16"}],"replies":[{"embeddable":true,"href":"https:\/\/www.informationskompetenz.de\/index.php\/wp-json\/wp\/v2\/comments?post=3768"}],"version-history":[{"count":3,"href":"https:\/\/www.informationskompetenz.de\/index.php\/wp-json\/wp\/v2\/pages\/3768\/revisions"}],"predecessor-version":[{"id":4255,"href":"https:\/\/www.informationskompetenz.de\/index.php\/wp-json\/wp\/v2\/pages\/3768\/revisions\/4255"}],"up":[{"embeddable":true,"href":"https:\/\/www.informationskompetenz.de\/index.php\/wp-json\/wp\/v2\/pages\/1467"}],"wp:attachment":[{"href":"https:\/\/www.informationskompetenz.de\/index.php\/wp-json\/wp\/v2\/media?parent=3768"}],"curies":[{"name":"wp","href":"https:\/\/api.w.org\/{rel}","templated":true}]}}