{"id":393,"date":"2015-04-14T09:52:52","date_gmt":"2015-04-14T07:52:52","guid":{"rendered":"http:\/\/informationskompetenz.de\/\/?page_id=393"},"modified":"2016-02-16T14:39:02","modified_gmt":"2016-02-16T13:39:02","slug":"workshop-discovery-syteme","status":"publish","type":"page","link":"https:\/\/www.informationskompetenz.de\/index.php\/regionen\/nordrhein-westfalen\/workshop-discovery-syteme\/","title":{"rendered":"Workshop Discovery Services und Informationskompetenz"},"content":{"rendered":"<p>Der Workshop fand am 10.09.2014 in der ULB Bonn statt und war ein erster Erfahrungsaustausch zu den Auswirkungen von Discovery Systemen auf die IK-Vermittlung.<\/p>\n<p><a href=\"http:\/\/www.informationskompetenz.de\/wp-content\/uploads\/2016\/02\/protokoll-discovery-service-2014-09.pdf\" rel=\"\">Protokoll<\/a><\/p>\n<p><strong>Vortr\u00e4ge der teilnehmenden Bibliotheken<\/strong><\/p>\n<p><a href=\"http:\/\/www.informationskompetenz.de\/wp-content\/uploads\/2016\/02\/bielefeld-ub-workshop-discovery-2014-09-10.pdf\" rel=\"\">UB Bielefeld: Discovery Systems und Informationskompetenz<\/a><\/p>\n<p><a href=\"http:\/\/www.informationskompetenz.de\/wp-content\/uploads\/2016\/02\/bonn-ulb-discovery-IK140910.pdf\" rel=\"\">ULB Bonn: Rechercheportal bonnus in Schulungen<\/a><\/p>\n<p><a href=\"http:\/\/www.informationskompetenz.de\/wp-content\/uploads\/2016\/02\/dortmund-ub-katalog-plus.pdf\" rel=\"\">UB Dortmund: Schulungsbedarf zum Katalog plus<\/a><\/p>\n<p><a href=\"http:\/\/www.informationskompetenz.de\/wp-content\/uploads\/2016\/02\/primo-schulungen-due.pdf\" rel=\"\">UB Duisburg-Essen: Schulungen mit Primo<\/a><\/p>\n<p><a href=\"http:\/\/www.informationskompetenz.de\/wp-content\/uploads\/2016\/02\/koeln-usb-discoverysysteme.pdf\" rel=\"\">USB K\u00f6ln: Durch die Einf\u00fchrung des Discovery Service reduziert sich der Aufwand f\u00fcr Benutzuerschulungen! &#8211; Eine realistische Erwartung?<\/a><\/p>\n<p><a href=\"http:\/\/www.informationskompetenz.de\/wp-content\/uploads\/2016\/02\/muenster-fh-vortrag-bonn-10-09-14-1.pdf\" rel=\"\">HB M\u00fcnster: Discovery Systeme + Informationskompetenz<\/a><\/p>\n<p><a href=\"http:\/\/www.informationskompetenz.de\/wp-content\/uploads\/2016\/02\/discovery-und-infokompetenz-ulbms.pdf\" rel=\"\">ULB M\u00fcnster: Discovery Systeme &amp; Informationskompetenz &#8211; Einf\u00fchrung von Primo wird zur Weiche f\u00fcr einen neuen Weg<\/a><\/p>\n","protected":false},"excerpt":{"rendered":"<p>Der Workshop fand am 10.09.2014 in der ULB Bonn statt und war ein erster Erfahrungsaustausch zu den Auswirkungen von Discovery Systemen auf die IK-Vermittlung. Protokoll Vortr\u00e4ge der teilnehmenden Bibliotheken UB [&hellip;]<\/p>\n","protected":false},"author":2,"featured_media":0,"parent":255,"menu_order":40,"comment_status":"open","ping_status":"open","template":"","meta":{"footnotes":""},"class_list":["post-393","page","type-page","status-publish","hentry"],"_links":{"self":[{"href":"https:\/\/www.informationskompetenz.de\/index.php\/wp-json\/wp\/v2\/pages\/393","targetHints":{"allow":["GET"]}}],"collection":[{"href":"https:\/\/www.informationskompetenz.de\/index.php\/wp-json\/wp\/v2\/pages"}],"about":[{"href":"https:\/\/www.informationskompetenz.de\/index.php\/wp-json\/wp\/v2\/types\/page"}],"author":[{"embeddable":true,"href":"https:\/\/www.informationskompetenz.de\/index.php\/wp-json\/wp\/v2\/users\/2"}],"replies":[{"embeddable":true,"href":"https:\/\/www.informationskompetenz.de\/index.php\/wp-json\/wp\/v2\/comments?post=393"}],"version-history":[{"count":10,"href":"https:\/\/www.informationskompetenz.de\/index.php\/wp-json\/wp\/v2\/pages\/393\/revisions"}],"predecessor-version":[{"id":2386,"href":"https:\/\/www.informationskompetenz.de\/index.php\/wp-json\/wp\/v2\/pages\/393\/revisions\/2386"}],"up":[{"embeddable":true,"href":"https:\/\/www.informationskompetenz.de\/index.php\/wp-json\/wp\/v2\/pages\/255"}],"wp:attachment":[{"href":"https:\/\/www.informationskompetenz.de\/index.php\/wp-json\/wp\/v2\/media?parent=393"}],"curies":[{"name":"wp","href":"https:\/\/api.w.org\/{rel}","templated":true}]}}