{"id":9,"date":"2015-02-21T15:38:51","date_gmt":"2015-02-21T14:38:51","guid":{"rendered":"http:\/\/informationskompetenz.de\/\/?page_id=9"},"modified":"2015-11-24T11:49:00","modified_gmt":"2015-11-24T10:49:00","slug":"erklaerungen-ik","status":"publish","type":"page","link":"https:\/\/www.informationskompetenz.de\/index.php\/erklaerungen-ik\/","title":{"rendered":"Erkl\u00e4rungen"},"content":{"rendered":"<h3>2013<\/h3>\n<ul>\n<li><b><a href=\"http:\/\/www.bibliotheksverband.de\/fileadmin\/user_upload\/DBV\/positionen\/2013_10_14_Stellungnahme_Informationskompetenz_endg.pdf\" target=\"_blank\">Stellungnahme des Deutschen Bibliotheksverbands (dbv) zur Entschlie\u00dfung der 13. Mitgliederversammlung der Hochschulrektorenkonferenz &#8222;Hochschule im digitalen Zeitalter: Informationskompetenz neu begreifen &#8211; Prozesse anders steuern&#8220;<\/a><\/b> (Berlin, 14.10.2013)<\/li>\n<li><strong><a href=\"http:\/\/www.informationskompetenz.de\/wp-content\/uploads\/2015\/02\/Stellungnahme_AGUB-NRW-HRK2013.pdf\">Stellungnahme der nordrhein-westf\u00e4lischen Universit\u00e4tsbibliotheken zur Entschlie\u00dfung der Hochschulrektorenkonferenz<\/a><\/strong><br \/>\nAGUB, 16.07.2013<\/li>\n<li><b><a href=\"http:\/\/www.informationskompetenz.de\/wp-content\/uploads\/2015\/02\/NIK-BW_Stellungnahme_Foerderung_IK1.pdf\">F\u00f6rderung von Informationskompetenz in Baden-W\u00fcrttemberg \u2013 Potenziale der wissenschaftlichen Bibliotheken des Landes<\/a><a href=\"http:\/\/informationskompetenz.de\/\/wp-content\/uploads\/2015\/02\/NIK-BW_Stellungnahme_Foerderung_IK.pdf\">.<\/a><\/b> Stellungnahme des Netzwerk Informationskompetenz Baden-W\u00fcrttemberg zur Entschlie\u00dfung der Hochschulrektorenkonferenz sowie zu den Empfehlungen des Wissenschaftsrats<\/li>\n<\/ul>\n<h3>2011<\/h3>\n<ul>\n<li>Empfehlungen von Bibliothek &amp; Information Deutschland (BID) f\u00fcr die Enquete-Kommission \u201eInternet und digitale Gesellschaft\u201c des Deutschen Bundestages: \u201e<a href=\"http:\/\/www.bideutschland.de\/download\/file\/BID_Positionspapier_Medien-%20und%20Informationskompetenz_Enquete_Internet.pdf\" target=\"_blank\"><b>Medien- und Informationskompetenz \u2013immer mit Bibliotheken und Informationseinrichtungen!<\/b><\/a>\u201c<\/li>\n<\/ul>\n<h3>2009<\/h3>\n<ul>\n<li><b><\/b><b><a href=\"http:\/\/www.informationskompetenz.de\/wp-content\/uploads\/2015\/02\/2009-11_informationskompetenz-hamburger-erklaerung1.pdf\">Hamburger Erkl\u00e4rung<\/a> <\/b>des Vereins Deutscher Bibliothekare e.V.<\/li>\n<\/ul>\n","protected":false},"excerpt":{"rendered":"<p>2013 Stellungnahme des Deutschen Bibliotheksverbands (dbv) zur Entschlie\u00dfung der 13. Mitgliederversammlung der Hochschulrektorenkonferenz &#8222;Hochschule im digitalen Zeitalter: Informationskompetenz neu begreifen &#8211; Prozesse anders steuern&#8220; (Berlin, 14.10.2013) Stellungnahme der nordrhein-westf\u00e4lischen Universit\u00e4tsbibliotheken [&hellip;]<\/p>\n","protected":false},"author":1,"featured_media":0,"parent":0,"menu_order":0,"comment_status":"open","ping_status":"open","template":"","meta":{"footnotes":""},"class_list":["post-9","page","type-page","status-publish","hentry"],"_links":{"self":[{"href":"https:\/\/www.informationskompetenz.de\/index.php\/wp-json\/wp\/v2\/pages\/9","targetHints":{"allow":["GET"]}}],"collection":[{"href":"https:\/\/www.informationskompetenz.de\/index.php\/wp-json\/wp\/v2\/pages"}],"about":[{"href":"https:\/\/www.informationskompetenz.de\/index.php\/wp-json\/wp\/v2\/types\/page"}],"author":[{"embeddable":true,"href":"https:\/\/www.informationskompetenz.de\/index.php\/wp-json\/wp\/v2\/users\/1"}],"replies":[{"embeddable":true,"href":"https:\/\/www.informationskompetenz.de\/index.php\/wp-json\/wp\/v2\/comments?post=9"}],"version-history":[{"count":10,"href":"https:\/\/www.informationskompetenz.de\/index.php\/wp-json\/wp\/v2\/pages\/9\/revisions"}],"predecessor-version":[{"id":1553,"href":"https:\/\/www.informationskompetenz.de\/index.php\/wp-json\/wp\/v2\/pages\/9\/revisions\/1553"}],"wp:attachment":[{"href":"https:\/\/www.informationskompetenz.de\/index.php\/wp-json\/wp\/v2\/media?parent=9"}],"curies":[{"name":"wp","href":"https:\/\/api.w.org\/{rel}","templated":true}]}}