{"id":94,"date":"2015-02-22T07:34:32","date_gmt":"2015-02-22T06:34:32","guid":{"rendered":"http:\/\/informationskompetenz.de\/\/?page_id=94"},"modified":"2026-01-27T15:45:06","modified_gmt":"2026-01-27T14:45:06","slug":"impressum","status":"publish","type":"page","link":"https:\/\/www.informationskompetenz.de\/index.php\/impressum\/","title":{"rendered":"Impressum"},"content":{"rendered":"<p>Der Blog www.informationskompetenz.de wird betrieben von der VDB\/dbv-Kommission Informationskompetenz. Der Blog dient der zeit- und ortsunabh\u00e4ngigen Information \u00fcber die Arbeit der Kommission.<\/p>\n<p>Verantwortlich im Sinne des Teledienstgesetzes und Medienstaatsvertrages: Deutscher Bibliotheksverband e.V. (dbv)<\/p>\n<h3>Vertreten durch:<\/h3>\n<p>Antje Theise<br \/>\nBundesvorsitzender des dbv<br \/>\nFritschestra\u00dfe 27-28<br \/>\n10585 Berlin<br \/>\nTel: 030\/ 644 98 99-10<br \/>\nFax: 030\/ 644 98 99- 29<\/p>\n<h3>Redaktionelle Verantwortung:<\/h3>\n<p>Dr. Timo Steyer (Vorsitzender der Kommission Informationskompetenz)<\/p>\n<div>\n<div class=\"name-wrapper\"><span class=\"anrede\">Dr. <\/span><span class=\"name\">Timo Steyer<\/span><\/div>\n<div class=\"spacing-wrapper\"><span class=\"location\">Universit\u00e4tsbibliothek &#8211; Technische Universit\u00e4t Braunschweig<\/span><span class=\"location-type\">Vorsitzender der gemeinsamen Kommission Informationskompetenz von dbv\/VDB<\/span><\/div>\n<div class=\"inline-wrapper\"><span class=\"stra\u00dfe\">Universit\u00e4tsplatz 1,<\/span><span class=\"plz\">38106<\/span><span class=\"ort\">Braunschweig<\/span><\/div>\n<p><span class=\"info\">Tel: 0531 \/ 3915027<br \/>\n<\/span><a href=\"mailto:t.steyer@tu-braunschweig.de\">t.steyer@tu-braunschweig.de<\/a><br \/>\n<a href=\"https:\/\/www.tu-braunschweig.de\/ub\" target=\"_blank\" rel=\"noopener\">https:\/\/www.tu-braunschweig.de\/ub<\/a><\/p>\n<\/div>\n<h3>Redaktionelle Gesamtverantwortung:<\/h3>\n<p><a href=\"https:\/\/www.bibliotheksverband.de\/kommission-informationskompetenz\">Gemeinsame Kommission Informationskompetenz des Deutschen Bibliotheksverbands e.V. und des Vereins Deutscher Bibliothekarinnen und Bibliothekare<\/a><\/p>\n<p class=\"bodytext\"><b>E-Mail an die Redaktion:<\/b> <a href=\"mailto:informationskompetenz@bibliotheksverband.de\">informationskompetenz@bibliotheksverband.de<\/a><\/p>\n<h3>Logogestaltung:<\/h3>\n<p class=\"bodytext\">Hochschule der Medien, Stuttgart<\/p>\n<h3><\/h3>\n<h3>Haftungsausschluss<\/h3>\n<h4>1. Inhalt des Onlineangebotes<\/h4>\n<p>Der Deutsche Bibliotheksverband e.V. (dbv) \u00fcbernimmt keinerlei Gew\u00e4hr f\u00fcr die Aktualit\u00e4t, Korrektheit, Vollst\u00e4ndigkeit oder Qualit\u00e4t der bereitgestellten Informationen. Haftungsanspr\u00fcche gegen den dbv, welche sich auf Sch\u00e4den materieller oder ideeller Art beziehen, die durch die Nutzung oder Nichtnutzung der dargebotenen Informationen bzw. durch die Nutzung fehlerhafter und unvollst\u00e4ndiger Informationen verursacht wurden, sind grunds\u00e4tzlich ausgeschlossen, sofern seitens des dbv kein nachweislich vors\u00e4tzliches oder grob fahrl\u00e4ssiges Verschulden vorliegt.<br \/>\nAlle Angebote sind freibleibend und unverbindlich. Der dbv beh\u00e4lt es sich ausdr\u00fccklich vor, Teile der Seiten oder das gesamte Angebot ohne gesonderte Ank\u00fcndigung zu ver\u00e4ndern, zu erg\u00e4nzen, zu l\u00f6schen oder die Ver\u00f6ffentlichung zeitweise oder endg\u00fcltig einzustellen.<\/p>\n<h4>2. Verweise und Links<\/h4>\n<p>Bei direkten oder indirekten Verweisen auf fremde Internetseiten (&#8222;Links&#8220;), die au\u00dferhalb des Verantwortungsbereiches des dbv liegen, w\u00fcrde eine Haftungsverpflichtung ausschlie\u00dflich in dem Fall in Kraft treten, in dem der Autor von den Inhalten Kenntnis hat und es ihm technisch m\u00f6glich und zumutbar w\u00e4re, die Nutzung im Falle rechtswidriger Inhalte zu verhindern. Der dbv erkl\u00e4rt hiermit ausdr\u00fccklich, dass zum Zeitpunkt der Linksetzung keine illegalen Inhalte auf den zu verlinkenden Seiten erkennbar waren. Auf die aktuelle und zuk\u00fcnftige Gestaltung, die Inhalte oder die Urheberschaft der gelinkten\/ verkn\u00fcpften Seiten hat der Autor keinerlei Einfluss. Deshalb distanziert er sich hiermit ausdr\u00fccklich von allen Inhalten aller gelinkten\/ verkn\u00fcpften Seiten, die nach der Linksetzung ver\u00e4ndert wurden. Diese Feststellung gilt f\u00fcr alle innerhalb des eigenen Internetangebotes gesetzten Links und Verweise sowie f\u00fcr Fremdeintr\u00e4ge in vom Autor eingerichteten G\u00e4steb\u00fcchern, Diskussionsforen und Mailinglisten. F\u00fcr illegale, fehlerhafte oder unvollst\u00e4ndige Inhalte und insbesondere f\u00fcr Sch\u00e4den, die aus der Nutzung oder Nichtnutzung solcherart dargebotener Informationen entstehen, haftet allein der Anbieter der Seite, auf welche verwiesen wurde, nicht derjenige, der \u00fcber Links auf die jeweilige Ver\u00f6ffentlichung lediglich verweist.<\/p>\n<h4>3. Urheber- und Kennzeichenrecht<\/h4>\n<p>Der dbv ist bestrebt, in allen Publikationen die Urheberrechte der verwendeten Grafiken, Tondokumente, Videosequenzen und Texte zu beachten, von ihm selbst erstellte Grafiken, Tondokumente, Videosequenzen und Texte zu nutzen oder auf lizenzfreie Grafiken, Tondokumente, Videosequenzen und Texte zur\u00fcckzugreifen. Alle innerhalb des Internetangebotes genannten und ggf. durch Dritte gesch\u00fctzten Marken- und Warenzeichen unterliegen uneingeschr\u00e4nkt den Bestimmungen des jeweils g\u00fcltigen Kennzeichenrechts und den Besitzrechten der jeweiligen eingetragenen Eigent\u00fcmer. Allein aufgrund der blo\u00dfen Nennung ist nicht der Schluss zu ziehen, dass Markenzeichen nicht durch Rechte Dritter gesch\u00fctzt sind!<br \/>\nDas Copyright f\u00fcr ver\u00f6ffentlichte, vom dbv selbst erstellte Objekte bleibt allein beim Autor der Seiten. Eine Vervielf\u00e4ltigung oder Verwendung solcher Grafiken, Tondokumente, Videosequenzen und Texte in anderen elektronischen oder gedruckten Publikationen ist ohne ausdr\u00fcckliche Zustimmung des dbv nicht gestattet.<\/p>\n<h4><a href=\"https:\/\/www.bibliotheksverband.de\/metamenue\/datenschutz.html\">4. Datenschutz<\/a><\/h4>\n<h4>5. Rechtswirksamkeit dieses Haftungsausschlusses<\/h4>\n<p>Dieser Haftungsausschluss ist als Teil des Internetangebotes zu betrachten, von dem aus auf diese Seite verwiesen wurde. Sofern Teile oder einzelne Formulierungen dieses Textes der geltenden Rechtslage nicht, nicht mehr oder nicht vollst\u00e4ndig entsprechen sollten, bleiben die \u00fcbrigen Teile des Dokumentes in ihrem Inhalt und ihrer G\u00fcltigkeit davon unber\u00fchrt.<\/p>\n<h3><\/h3>\n<h3>Netiquette<\/h3>\n<p>Wir begr\u00fc\u00dfen Sie herzlich als Mitglied unserer Community des Deutschen Bibliothekverbands und freuen uns \u00fcber eine fachrelevante Diskussionen und Ihre Kommentare. Durch Ihre Kommentare sollen interessante, gewinnbringende Debatten entstehen, an denen sich auch andere Nutzer\/innen gerne beteiligen. Beleidigungen sind f\u00fcr uns daher ebenso tabu wie Diskriminierungen und die unerlaubte Ver\u00f6ffentlichung pers\u00f6nlicher Daten. Bitte halten Sie sich daher an unsere Netiquette!<\/p>\n<p>Bitte beachten Sie daher unsere Grundlagen f\u00fcr das Kommentieren:<\/p>\n<p><strong>Ihre Meinung interessiert uns!<\/strong><\/p>\n<p>Sie interessieren sich f\u00fcr bibliotheksrelevante Themen und haben eine Meinung dazu? Wir freuen uns \u00fcber Ihre Beitr\u00e4ge. Formulieren Sie klar, was Sie sagen m\u00f6chten, aber verzichten Sie dabei bitte auf zynische und ironische \u00c4u\u00dferungen. Diese k\u00f6nnen leicht missverstanden werden.<\/p>\n<p><strong>Sachlich diskutieren<\/strong><\/p>\n<p>Ihre Kommentare sollten sich auf den jeweiligen Beitrag, Post oder Tweet bzw. das diskutierte Thema und nicht auf die dahinter stehenden Personen beziehen. Pers\u00f6nliche Angriffe gegen andere Nutzer\/innen oder soziale Gruppen, Beleidigungen und Diskriminierungen, zum Beispiel aufgrund von Religion, Nationalit\u00e4t, sexueller Orientierung, Alter oder Geschlecht sind ausdr\u00fccklich nicht gestattet. Gleiches gilt f\u00fcr Verleumdungen, gesch\u00e4fts- und rufsch\u00e4digende \u00c4u\u00dferungen sowie f\u00fcr die Ver\u00f6ffentlichung pers\u00f6nlicher und personenbezogener Daten Dritter.<\/p>\n<p>Ein angemessener Gespr\u00e4chston sollte auch im Netz nicht fehlen. Eine Diskussion lebt nat\u00fcrlich auch von verschiedenen Ansichten, dies ist aber kein Grund f\u00fcr beleidigende \u00c4u\u00dferungen. Achten Sie daher auf einen respektvollen Umgangston, bleiben Sie in kritischen Situationen sachlich und konstruktiv und ignorieren Sie eventuelle Provokationen anderer Nutzer und so genannter \u201eTrolle\u201c &#8211; also Personen, die eine sachliche Kommunikation mit ihren Aussagen st\u00f6ren wollen.<\/p>\n<p><strong>Kommentare ohne Werbung<\/strong><\/p>\n<p>Bitte verzichten Sie auf Werbung, Spam und kommerzielle Inhalte in Ihren Kommentaren.<\/p>\n<p><strong>Bitte beachten Sie das Urheberrecht!<\/strong><\/p>\n<p>Kennzeichnen Sie Zitate und geben Sie die Quelle an. Wenn Sie fremde Inhalte einbinden wollen, beachten Sie bitte das Urheberrecht. Ist der Inhalt auch wirklich zur Verbreitung und Ver\u00f6ffentlichung freigegeben? Verlinkungen auf weitere Informationen zum diskutierten Thema sind in Ihren Kommentaren erlaubt. Der Deutsche Bibliotheksverband ist nicht f\u00fcr die Verlinkungen auf externe Angebote verantwortlich.<\/p>\n<p><strong>Unsere Moderation<\/strong><\/p>\n<p>Wir nehmen Ihre Beitr\u00e4ge ernst und m\u00f6chten m\u00f6glichst keine Beitr\u00e4ge l\u00f6schen. Versto\u00dfen Beitr\u00e4ge jedoch gegen die aufgef\u00fchrte Netiquette, behalten wir uns vor, diese zu entfernen. Sehen wir uns dazu gezwungen, einen Kommentar zu entfernen, kennzeichnen wir dies mit einem Hinweis auf unsere Netiquette.<\/p>\n","protected":false},"excerpt":{"rendered":"<p>Der Blog www.informationskompetenz.de wird betrieben von der VDB\/dbv-Kommission Informationskompetenz. Der Blog dient der zeit- und ortsunabh\u00e4ngigen Information \u00fcber die Arbeit der Kommission. Verantwortlich im Sinne des Teledienstgesetzes und Medienstaatsvertrages: Deutscher [&hellip;]<\/p>\n","protected":false},"author":1,"featured_media":0,"parent":0,"menu_order":0,"comment_status":"closed","ping_status":"open","template":"","meta":{"footnotes":""},"class_list":["post-94","page","type-page","status-publish","hentry"],"_links":{"self":[{"href":"https:\/\/www.informationskompetenz.de\/index.php\/wp-json\/wp\/v2\/pages\/94","targetHints":{"allow":["GET"]}}],"collection":[{"href":"https:\/\/www.informationskompetenz.de\/index.php\/wp-json\/wp\/v2\/pages"}],"about":[{"href":"https:\/\/www.informationskompetenz.de\/index.php\/wp-json\/wp\/v2\/types\/page"}],"author":[{"embeddable":true,"href":"https:\/\/www.informationskompetenz.de\/index.php\/wp-json\/wp\/v2\/users\/1"}],"replies":[{"embeddable":true,"href":"https:\/\/www.informationskompetenz.de\/index.php\/wp-json\/wp\/v2\/comments?post=94"}],"version-history":[{"count":47,"href":"https:\/\/www.informationskompetenz.de\/index.php\/wp-json\/wp\/v2\/pages\/94\/revisions"}],"predecessor-version":[{"id":5427,"href":"https:\/\/www.informationskompetenz.de\/index.php\/wp-json\/wp\/v2\/pages\/94\/revisions\/5427"}],"wp:attachment":[{"href":"https:\/\/www.informationskompetenz.de\/index.php\/wp-json\/wp\/v2\/media?parent=94"}],"curies":[{"name":"wp","href":"https:\/\/api.w.org\/{rel}","templated":true}]}}

<p>Der Blog www.informationskompetenz.de wird betrieben von der VDB/dbv-Kommission Informationskompetenz. Der Blog dient der zeit- und ortsunabhängigen Information über die Arbeit der Kommission.</p>
<p>Verantwortlich im Sinne des Teledienstgesetzes und Medienstaatsvertrages: Deutscher Bibliotheksverband e.V. (dbv)</p>
<h3>Vertreten durch:</h3>
<p>Antje Theise<br />
Bundesvorsitzender des dbv<br />
Fritschestraße 27-28<br />
10585 Berlin<br />
Tel: 030/ 644 98 99-10<br />
Fax: 030/ 644 98 99- 29</p>
<h3>Redaktionelle Verantwortung:</h3>
<p>Dr. Timo Steyer (Vorsitzender der Kommission Informationskompetenz)</p>
<div>
<div class="name-wrapper"><span class="anrede">Dr. </span><span class="name">Timo Steyer</span></div>
<div class="spacing-wrapper"><span class="location">Universitätsbibliothek &#8211; Technische Universität Braunschweig</span><span class="location-type">Vorsitzender der gemeinsamen Kommission Informationskompetenz von dbv/VDB</span></div>
<div class="inline-wrapper"><span class="straße">Universitätsplatz 1,</span><span class="plz">38106</span><span class="ort">Braunschweig</span></div>
<p><span class="info">Tel: 0531 / 3915027<br />
</span><a href="mailto:t.steyer@tu-braunschweig.de">t.steyer@tu-braunschweig.de</a><br />
<a href="https://www.tu-braunschweig.de/ub" target="_blank" rel="noopener">https://www.tu-braunschweig.de/ub</a></p>
</div>
<h3>Redaktionelle Gesamtverantwortung:</h3>
<p><a href="https://www.bibliotheksverband.de/kommission-informationskompetenz">Gemeinsame Kommission Informationskompetenz des Deutschen Bibliotheksverbands e.V. und des Vereins Deutscher Bibliothekarinnen und Bibliothekare</a></p>
<p class="bodytext"><b>E-Mail an die Redaktion:</b> <a href="mailto:informationskompetenz@bibliotheksverband.de">informationskompetenz@bibliotheksverband.de</a></p>
<h3>Logogestaltung:</h3>
<p class="bodytext">Hochschule der Medien, Stuttgart</p>
<h3></h3>
<h3>Haftungsausschluss</h3>
<h4>1. Inhalt des Onlineangebotes</h4>
<p>Der Deutsche Bibliotheksverband e.V. (dbv) übernimmt keinerlei Gewähr für die Aktualität, Korrektheit, Vollständigkeit oder Qualität der bereitgestellten Informationen. Haftungsansprüche gegen den dbv, welche sich auf Schäden materieller oder ideeller Art beziehen, die durch die Nutzung oder Nichtnutzung der dargebotenen Informationen bzw. durch die Nutzung fehlerhafter und unvollständiger Informationen verursacht wurden, sind grundsätzlich ausgeschlossen, sofern seitens des dbv kein nachweislich vorsätzliches oder grob fahrlässiges Verschulden vorliegt.<br />
Alle Angebote sind freibleibend und unverbindlich. Der dbv behält es sich ausdrücklich vor, Teile der Seiten oder das gesamte Angebot ohne gesonderte Ankündigung zu verändern, zu ergänzen, zu löschen oder die Veröffentlichung zeitweise oder endgültig einzustellen.</p>
<h4>2. Verweise und Links</h4>
<p>Bei direkten oder indirekten Verweisen auf fremde Internetseiten (&#8222;Links&#8220;), die außerhalb des Verantwortungsbereiches des dbv liegen, würde eine Haftungsverpflichtung ausschließlich in dem Fall in Kraft treten, in dem der Autor von den Inhalten Kenntnis hat und es ihm technisch möglich und zumutbar wäre, die Nutzung im Falle rechtswidriger Inhalte zu verhindern. Der dbv erklärt hiermit ausdrücklich, dass zum Zeitpunkt der Linksetzung keine illegalen Inhalte auf den zu verlinkenden Seiten erkennbar waren. Auf die aktuelle und zukünftige Gestaltung, die Inhalte oder die Urheberschaft der gelinkten/ verknüpften Seiten hat der Autor keinerlei Einfluss. Deshalb distanziert er sich hiermit ausdrücklich von allen Inhalten aller gelinkten/ verknüpften Seiten, die nach der Linksetzung verändert wurden. Diese Feststellung gilt für alle innerhalb des eigenen Internetangebotes gesetzten Links und Verweise sowie für Fremdeinträge in vom Autor eingerichteten Gästebüchern, Diskussionsforen und Mailinglisten. Für illegale, fehlerhafte oder unvollständige Inhalte und insbesondere für Schäden, die aus der Nutzung oder Nichtnutzung solcherart dargebotener Informationen entstehen, haftet allein der Anbieter der Seite, auf welche verwiesen wurde, nicht derjenige, der über Links auf die jeweilige Veröffentlichung lediglich verweist.</p>
<h4>3. Urheber- und Kennzeichenrecht</h4>
<p>Der dbv ist bestrebt, in allen Publikationen die Urheberrechte der verwendeten Grafiken, Tondokumente, Videosequenzen und Texte zu beachten, von ihm selbst erstellte Grafiken, Tondokumente, Videosequenzen und Texte zu nutzen oder auf lizenzfreie Grafiken, Tondokumente, Videosequenzen und Texte zurückzugreifen. Alle innerhalb des Internetangebotes genannten und ggf. durch Dritte geschützten Marken- und Warenzeichen unterliegen uneingeschränkt den Bestimmungen des jeweils gültigen Kennzeichenrechts und den Besitzrechten der jeweiligen eingetragenen Eigentümer. Allein aufgrund der bloßen Nennung ist nicht der Schluss zu ziehen, dass Markenzeichen nicht durch Rechte Dritter geschützt sind!<br />
Das Copyright für veröffentlichte, vom dbv selbst erstellte Objekte bleibt allein beim Autor der Seiten. Eine Vervielfältigung oder Verwendung solcher Grafiken, Tondokumente, Videosequenzen und Texte in anderen elektronischen oder gedruckten Publikationen ist ohne ausdrückliche Zustimmung des dbv nicht gestattet.</p>
<h4><a href="https://www.bibliotheksverband.de/metamenue/datenschutz.html">4. Datenschutz</a></h4>
<h4>5. Rechtswirksamkeit dieses Haftungsausschlusses</h4>
<p>Dieser Haftungsausschluss ist als Teil des Internetangebotes zu betrachten, von dem aus auf diese Seite verwiesen wurde. Sofern Teile oder einzelne Formulierungen dieses Textes der geltenden Rechtslage nicht, nicht mehr oder nicht vollständig entsprechen sollten, bleiben die übrigen Teile des Dokumentes in ihrem Inhalt und ihrer Gültigkeit davon unberührt.</p>
<h3></h3>
<h3>Netiquette</h3>
<p>Wir begrüßen Sie herzlich als Mitglied unserer Community des Deutschen Bibliothekverbands und freuen uns über eine fachrelevante Diskussionen und Ihre Kommentare. Durch Ihre Kommentare sollen interessante, gewinnbringende Debatten entstehen, an denen sich auch andere Nutzer/innen gerne beteiligen. Beleidigungen sind für uns daher ebenso tabu wie Diskriminierungen und die unerlaubte Veröffentlichung persönlicher Daten. Bitte halten Sie sich daher an unsere Netiquette!</p>
<p>Bitte beachten Sie daher unsere Grundlagen für das Kommentieren:</p>
<p><strong>Ihre Meinung interessiert uns!</strong></p>
<p>Sie interessieren sich für bibliotheksrelevante Themen und haben eine Meinung dazu? Wir freuen uns über Ihre Beiträge. Formulieren Sie klar, was Sie sagen möchten, aber verzichten Sie dabei bitte auf zynische und ironische Äußerungen. Diese können leicht missverstanden werden.</p>
<p><strong>Sachlich diskutieren</strong></p>
<p>Ihre Kommentare sollten sich auf den jeweiligen Beitrag, Post oder Tweet bzw. das diskutierte Thema und nicht auf die dahinter stehenden Personen beziehen. Persönliche Angriffe gegen andere Nutzer/innen oder soziale Gruppen, Beleidigungen und Diskriminierungen, zum Beispiel aufgrund von Religion, Nationalität, sexueller Orientierung, Alter oder Geschlecht sind ausdrücklich nicht gestattet. Gleiches gilt für Verleumdungen, geschäfts- und rufschädigende Äußerungen sowie für die Veröffentlichung persönlicher und personenbezogener Daten Dritter.</p>
<p>Ein angemessener Gesprächston sollte auch im Netz nicht fehlen. Eine Diskussion lebt natürlich auch von verschiedenen Ansichten, dies ist aber kein Grund für beleidigende Äußerungen. Achten Sie daher auf einen respektvollen Umgangston, bleiben Sie in kritischen Situationen sachlich und konstruktiv und ignorieren Sie eventuelle Provokationen anderer Nutzer und so genannter „Trolle“ &#8211; also Personen, die eine sachliche Kommunikation mit ihren Aussagen stören wollen.</p>
<p><strong>Kommentare ohne Werbung</strong></p>
<p>Bitte verzichten Sie auf Werbung, Spam und kommerzielle Inhalte in Ihren Kommentaren.</p>
<p><strong>Bitte beachten Sie das Urheberrecht!</strong></p>
<p>Kennzeichnen Sie Zitate und geben Sie die Quelle an. Wenn Sie fremde Inhalte einbinden wollen, beachten Sie bitte das Urheberrecht. Ist der Inhalt auch wirklich zur Verbreitung und Veröffentlichung freigegeben? Verlinkungen auf weitere Informationen zum diskutierten Thema sind in Ihren Kommentaren erlaubt. Der Deutsche Bibliotheksverband ist nicht für die Verlinkungen auf externe Angebote verantwortlich.</p>
<p><strong>Unsere Moderation</strong></p>
<p>Wir nehmen Ihre Beiträge ernst und möchten möglichst keine Beiträge löschen. Verstoßen Beiträge jedoch gegen die aufgeführte Netiquette, behalten wir uns vor, diese zu entfernen. Sehen wir uns dazu gezwungen, einen Kommentar zu entfernen, kennzeichnen wir dies mit einem Hinweis auf unsere Netiquette.</p>

<p>Der Blog www.informationskompetenz.de wird betrieben von der VDB/dbv-Kommission Informationskompetenz. Der Blog dient der zeit- und ortsunabhängigen Information über die Arbeit der Kommission. Verantwortlich im Sinne des Teledienstgesetzes und Medienstaatsvertrages: Deutscher [&hellip;]</p>
